CRAN Package Check Results for Package RcppHNSW

Last updated on 2019-12-06 04:48:42 CET.

Flavor Version Tinstall Tcheck Ttotal Status Flags
r-devel-linux-x86_64-debian-clang 0.2.0 30.38 42.97 73.35 OK
r-devel-linux-x86_64-debian-gcc 0.2.0 26.18 33.06 59.24 OK
r-devel-linux-x86_64-fedora-clang 0.2.0 92.95 OK
r-devel-linux-x86_64-fedora-gcc 0.2.0 93.87 OK
r-devel-windows-ix86+x86_64 0.2.0 62.00 116.00 178.00 OK
r-devel-windows-ix86+x86_64-gcc8 0.2.0 56.00 95.00 151.00 OK
r-patched-linux-x86_64 0.2.0 27.07 38.31 65.38 OK
r-patched-solaris-x86 0.2.0 105.10 OK
r-release-linux-x86_64 0.2.0 28.15 37.77 65.92 OK
r-release-windows-ix86+x86_64 0.2.0 82.00 77.00 159.00 OK
r-release-osx-x86_64 0.2.0 NOTE
r-oldrel-windows-ix86+x86_64 0.2.0 78.00 113.00 191.00 OK
r-oldrel-osx-x86_64 0.2.0 OK

Check Details

Version: 0.2.0
Check: installed package size
Result: NOTE
     installed size is 5.0Mb
     sub-directories of 1Mb or more:
     libs 4.8Mb
Flavor: r-release-osx-x86_64