CRAN Package Check Results for Package RcppHNSW

Last updated on 2022-10-02 01:50:41 CEST.

Flavor Version Tinstall Tcheck Ttotal Status Flags
r-devel-linux-x86_64-debian-clang 0.4.1 32.75 50.44 83.19 OK
r-devel-linux-x86_64-debian-gcc 0.4.1 27.05 38.43 65.48 OK
r-devel-linux-x86_64-fedora-clang 0.4.1 123.78 OK
r-devel-linux-x86_64-fedora-gcc 0.4.1 125.83 OK
r-devel-windows-x86_64 0.4.1 33.00 102.00 135.00 OK
r-patched-linux-x86_64 0.4.1 31.73 49.06 80.79 OK
r-release-linux-x86_64 0.4.1 34.28 48.45 82.73 OK
r-release-macos-arm64 0.4.1 31.00 NOTE
r-release-macos-x86_64 0.4.1 44.00 NOTE
r-release-windows-x86_64 0.4.1 46.00 107.00 153.00 OK
r-oldrel-macos-arm64 0.4.1 28.00 NOTE
r-oldrel-macos-x86_64 0.4.1 49.00 NOTE
r-oldrel-windows-ix86+x86_64 0.4.1 83.00 150.00 233.00 OK

Check Details

Version: 0.4.1
Check: installed package size
Result: NOTE
     installed size is 5.4Mb
     sub-directories of 1Mb or more:
     libs 5.2Mb
Flavors: r-release-macos-arm64, r-release-macos-x86_64, r-oldrel-macos-arm64, r-oldrel-macos-x86_64