CRAN Package Check Results for Package RcppMsgPack

Last updated on 2018-12-17 17:48:08 CET.

Flavor Version Tinstall Tcheck Ttotal Status Flags
r-devel-linux-x86_64-debian-clang 0.2.3 40.56 63.12 103.68 OK
r-devel-linux-x86_64-debian-gcc 0.2.3 34.04 52.45 86.49 OK
r-devel-linux-x86_64-fedora-clang 0.2.3 137.27 NOTE
r-devel-linux-x86_64-fedora-gcc 0.2.3 131.42 OK
r-devel-windows-ix86+x86_64 0.2.3 148.00 258.00 406.00 NOTE
r-patched-linux-x86_64 0.2.3 40.33 61.45 101.78 OK
r-patched-solaris-x86 0.2.3 179.70 NOTE
r-release-linux-x86_64 0.2.3 42.36 62.25 104.61 OK
r-release-windows-ix86+x86_64 0.2.3 83.00 256.00 339.00 NOTE
r-release-osx-x86_64 0.2.3 NOTE
r-oldrel-windows-ix86+x86_64 0.2.3 106.00 264.00 370.00 NOTE
r-oldrel-osx-x86_64 0.2.3 NOTE

Check Details

Version: 0.2.3
Check: installed package size
Result: NOTE
     installed size is 10.2Mb
     sub-directories of 1Mb or more:
     include 7.0Mb
     libs 2.8Mb
Flavors: r-devel-linux-x86_64-fedora-clang, r-devel-windows-ix86+x86_64, r-patched-solaris-x86, r-release-windows-ix86+x86_64, r-release-osx-x86_64, r-oldrel-windows-ix86+x86_64, r-oldrel-osx-x86_64