CRAN Package Check Results for Package RcppMsgPack

Last updated on 2019-04-20 12:51:10 CEST.

Flavor Version Tinstall Tcheck Ttotal Status Flags
r-devel-linux-x86_64-debian-clang 0.2.3 36.96 67.84 104.80 OK
r-devel-linux-x86_64-debian-gcc 0.2.3 32.28 61.64 93.92 OK
r-devel-linux-x86_64-fedora-clang 0.2.3 143.54 NOTE
r-devel-linux-x86_64-fedora-gcc 0.2.3 137.48 OK
r-devel-windows-ix86+x86_64 0.2.3 129.00 231.00 360.00 NOTE
r-patched-linux-x86_64 0.2.3 38.78 68.76 107.54 OK
r-patched-solaris-x86 0.2.3 183.60 NOTE
r-release-linux-x86_64 0.2.3 36.52 67.68 104.20 OK
r-release-windows-ix86+x86_64 0.2.3 93.00 235.00 328.00 NOTE
r-release-osx-x86_64 0.2.3 NOTE
r-oldrel-windows-ix86+x86_64 0.2.3 86.00 273.00 359.00 NOTE
r-oldrel-osx-x86_64 0.2.3 NOTE

Check Details

Version: 0.2.3
Check: installed package size
Result: NOTE
     installed size is 9.9Mb
     sub-directories of 1Mb or more:
     include 7.0Mb
     libs 2.4Mb
Flavors: r-devel-linux-x86_64-fedora-clang, r-devel-windows-ix86+x86_64, r-patched-solaris-x86, r-release-windows-ix86+x86_64, r-release-osx-x86_64, r-oldrel-windows-ix86+x86_64, r-oldrel-osx-x86_64