CRAN Package Check Results for Package RcppMsgPack

Last updated on 2018-08-20 23:48:11 CEST.

Flavor Version Tinstall Tcheck Ttotal Status Flags
r-devel-linux-x86_64-debian-clang 0.2.2 36.17 56.47 92.64 OK
r-devel-linux-x86_64-debian-gcc 0.2.2 33.20 45.69 78.89 OK
r-devel-linux-x86_64-fedora-clang 0.2.2 123.66 NOTE
r-devel-linux-x86_64-fedora-gcc 0.2.2 121.53 OK
r-devel-windows-ix86+x86_64 0.2.2 123.00 163.00 286.00 NOTE
r-patched-linux-x86_64 0.2.2 41.55 53.58 95.13 OK
r-patched-solaris-x86 0.2.2 49.20 ERROR
r-release-linux-x86_64 0.2.2 40.51 53.70 94.21 OK
r-release-windows-ix86+x86_64 0.2.2 118.00 186.00 304.00 NOTE
r-release-osx-x86_64 0.2.2 NOTE
r-oldrel-windows-ix86+x86_64 0.2.2 83.00 170.00 253.00 NOTE
r-oldrel-osx-x86_64 0.2.2 NOTE

Check Details

Version: 0.2.2
Check: installed package size
Result: NOTE
     installed size is 10.1Mb
     sub-directories of 1Mb or more:
     include 7.0Mb
     libs 2.6Mb
Flavors: r-devel-linux-x86_64-fedora-clang, r-devel-windows-ix86+x86_64, r-release-windows-ix86+x86_64, r-release-osx-x86_64, r-oldrel-windows-ix86+x86_64, r-oldrel-osx-x86_64

Version: 0.2.2
Check: whether package can be installed
Result: ERROR
    Installation failed.
Flavor: r-patched-solaris-x86