Last updated on 2019-02-21 19:52:32 CET.
Flavor | Version | Tinstall | Tcheck | Ttotal | Status | Flags |
---|---|---|---|---|---|---|
r-devel-linux-x86_64-debian-clang | 0.2.3 | 37.19 | 63.13 | 100.32 | OK | |
r-devel-linux-x86_64-debian-gcc | 0.2.3 | 30.77 | 54.01 | 84.78 | OK | |
r-devel-linux-x86_64-fedora-clang | 0.2.3 | 140.69 | NOTE | |||
r-devel-linux-x86_64-fedora-gcc | 0.2.3 | 133.60 | OK | |||
r-devel-windows-ix86+x86_64 | 0.2.3 | 124.00 | 225.00 | 349.00 | NOTE | |
r-patched-linux-x86_64 | 0.2.3 | 36.60 | 62.12 | 98.72 | OK | |
r-patched-solaris-x86 | 0.2.3 | 177.50 | NOTE | |||
r-release-linux-x86_64 | 0.2.3 | OK | ||||
r-release-windows-ix86+x86_64 | 0.2.3 | 93.00 | 259.00 | 352.00 | NOTE | |
r-release-osx-x86_64 | 0.2.3 | NOTE | ||||
r-oldrel-windows-ix86+x86_64 | 0.2.3 | 99.00 | 230.00 | 329.00 | NOTE | |
r-oldrel-osx-x86_64 | 0.2.3 | NOTE |
Version: 0.2.3
Check: installed package size
Result: NOTE
installed size is 9.8Mb
sub-directories of 1Mb or more:
include 7.0Mb
libs 2.4Mb
Flavors: r-devel-linux-x86_64-fedora-clang, r-devel-windows-ix86+x86_64, r-patched-solaris-x86, r-release-windows-ix86+x86_64, r-release-osx-x86_64, r-oldrel-windows-ix86+x86_64, r-oldrel-osx-x86_64