CRAN Package Check Results for Package RcppMsgPack

Last updated on 2019-08-24 11:46:56 CEST.

Flavor Version Tinstall Tcheck Ttotal Status Flags
r-devel-linux-x86_64-debian-clang 0.2.3 39.39 66.59 105.98 OK
r-devel-linux-x86_64-debian-gcc 0.2.3 30.30 56.27 86.57 OK
r-devel-linux-x86_64-fedora-clang 0.2.3 148.20 NOTE
r-devel-linux-x86_64-fedora-gcc 0.2.3 144.33 OK
r-devel-windows-ix86+x86_64 0.2.3 107.00 228.00 335.00 NOTE
r-patched-linux-x86_64 0.2.3 34.77 69.26 104.03 OK
r-patched-solaris-x86 0.2.3 189.50 NOTE
r-release-linux-x86_64 0.2.3 35.38 67.01 102.39 OK
r-release-windows-ix86+x86_64 0.2.3 103.00 268.00 371.00 NOTE
r-release-osx-x86_64 0.2.3 NOTE
r-oldrel-windows-ix86+x86_64 0.2.3 128.00 263.00 391.00 NOTE
r-oldrel-osx-x86_64 0.2.3 NOTE

Check Details

Version: 0.2.3
Check: installed package size
Result: NOTE
     installed size is 10.0Mb
     sub-directories of 1Mb or more:
     include 7.0Mb
     libs 2.5Mb
Flavors: r-devel-linux-x86_64-fedora-clang, r-devel-windows-ix86+x86_64, r-patched-solaris-x86, r-release-windows-ix86+x86_64, r-release-osx-x86_64, r-oldrel-windows-ix86+x86_64, r-oldrel-osx-x86_64