CRAN Package Check Results for Package RcppMsgPack

Last updated on 2018-06-18 06:47:15 CEST.

Flavor Version Tinstall Tcheck Ttotal Status Flags
r-devel-linux-x86_64-debian-clang 0.2.2 40.36 50.29 90.65 OK
r-devel-linux-x86_64-debian-gcc 0.2.2 28.53 45.44 73.97 OK
r-devel-linux-x86_64-fedora-clang 0.2.2 130.14 NOTE
r-devel-linux-x86_64-fedora-gcc 0.2.2 120.04 OK
r-devel-windows-ix86+x86_64 0.2.2 125.00 188.00 313.00 NOTE
r-patched-linux-x86_64 0.2.2 36.51 52.23 88.74 OK
r-patched-solaris-x86 0.2.2 47.50 ERROR
r-release-linux-x86_64 0.2.2 38.78 53.66 92.44 OK
r-release-windows-ix86+x86_64 0.2.2 127.00 201.00 328.00 NOTE
r-release-osx-x86_64 0.2.2 NOTE
r-oldrel-windows-ix86+x86_64 0.2.2 92.00 170.00 262.00 NOTE
r-oldrel-osx-x86_64 0.2.2 NOTE

Check Details

Version: 0.2.2
Check: installed package size
Result: NOTE
     installed size is 10.1Mb
     sub-directories of 1Mb or more:
     include 7.0Mb
     libs 2.6Mb
Flavors: r-devel-linux-x86_64-fedora-clang, r-devel-windows-ix86+x86_64, r-release-windows-ix86+x86_64, r-release-osx-x86_64, r-oldrel-windows-ix86+x86_64, r-oldrel-osx-x86_64

Version: 0.2.2
Check: whether package can be installed
Result: ERROR
    Installation failed.
Flavor: r-patched-solaris-x86