CRAN Package Check Results for Package RcppMsgPack

Last updated on 2018-01-22 03:49:01 CET.

Flavor Version Tinstall Tcheck Ttotal Status Flags
r-devel-linux-x86_64-debian-clang 0.2.1 36.81 47.04 83.85 OK
r-devel-linux-x86_64-debian-gcc 0.2.1 31.77 42.41 74.18 OK
r-devel-linux-x86_64-fedora-clang 0.2.1 126.25 NOTE
r-devel-linux-x86_64-fedora-gcc 0.2.1 118.65 NOTE
r-devel-windows-ix86+x86_64 0.2.1 120.00 160.00 280.00 NOTE
r-patched-linux-x86_64 0.2.1 38.21 57.44 95.65 OK
r-patched-solaris-x86 0.2.1 41.10 ERROR
r-release-linux-x86_64 0.2.1 35.64 56.69 92.33 OK
r-release-windows-ix86+x86_64 0.2.1 134.00 185.00 319.00 NOTE
r-release-osx-x86_64 0.2.1 NOTE
r-oldrel-windows-ix86+x86_64 0.2.1 126.00 54.00 180.00 NOTE
r-oldrel-osx-x86_64 0.2.0 NOTE

Check Details

Version: 0.2.1
Check: installed package size
Result: NOTE
     installed size is 10.0Mb
     sub-directories of 1Mb or more:
     include 7.0Mb
     libs 2.6Mb
Flavors: r-devel-linux-x86_64-fedora-clang, r-devel-linux-x86_64-fedora-gcc, r-devel-windows-ix86+x86_64, r-release-windows-ix86+x86_64, r-release-osx-x86_64, r-oldrel-windows-ix86+x86_64

Version: 0.2.1
Check: whether package can be installed
Result: ERROR
    Installation failed.
Flavor: r-patched-solaris-x86

Version: 0.2.0
Check: installed package size
Result: NOTE
     installed size is 14.7Mb
     sub-directories of 1Mb or more:
     include 6.7Mb
     libs 7.6Mb
Flavor: r-oldrel-osx-x86_64