CRAN Package Check Results for Package RcppMsgPack

Last updated on 2018-04-23 00:47:01 CEST.

Flavor Version Tinstall Tcheck Ttotal Status Flags
r-devel-linux-x86_64-debian-clang 0.2.1 37.79 46.44 84.23 OK
r-devel-linux-x86_64-debian-gcc 0.2.1 27.38 42.73 70.11 OK
r-devel-linux-x86_64-fedora-clang 0.2.1 124.96 NOTE
r-devel-linux-x86_64-fedora-gcc 0.2.1 121.57 NOTE
r-devel-windows-ix86+x86_64 0.2.1 123.00 161.00 284.00 NOTE
r-devel-osx-x86_64 0.2.1 NOTE
r-patched-linux-x86_64 0.2.1 41.14 50.86 92.00 OK
r-patched-solaris-x86 0.2.1 48.30 ERROR
r-release-linux-x86_64 0.2.1 36.48 56.94 93.42 OK
r-release-windows-ix86+x86_64 0.2.1 99.00 158.00 257.00 NOTE
r-release-osx-x86_64 0.2.1 NOTE
r-oldrel-windows-ix86+x86_64 0.2.1 147.00 58.00 205.00 NOTE

Check Details

Version: 0.2.1
Check: installed package size
Result: NOTE
     installed size is 10.1Mb
     sub-directories of 1Mb or more:
     include 7.0Mb
     libs 2.6Mb
Flavors: r-devel-linux-x86_64-fedora-clang, r-devel-linux-x86_64-fedora-gcc, r-devel-windows-ix86+x86_64, r-devel-osx-x86_64, r-release-windows-ix86+x86_64, r-release-osx-x86_64, r-oldrel-windows-ix86+x86_64

Version: 0.2.1
Check: whether package can be installed
Result: ERROR
    Installation failed.
Flavor: r-patched-solaris-x86