CRAN Package Check Results for Package RcppRoll

Last updated on 2024-06-13 01:58:02 CEST.

Flavor Version Tinstall Tcheck Ttotal Status Flags
r-devel-linux-x86_64-debian-clang 0.3.0 29.76 51.45 81.21 OK
r-devel-linux-x86_64-debian-gcc 0.3.0 19.43 23.59 43.02 NOTE
r-devel-linux-x86_64-fedora-clang 0.3.0 103.11 OK
r-devel-linux-x86_64-fedora-gcc 0.3.0 104.11 OK
r-devel-windows-x86_64 0.3.0 23.00 87.00 110.00 OK
r-patched-linux-x86_64 0.3.0 22.79 48.26 71.05 OK
r-release-linux-x86_64 0.3.0 26.01 49.22 75.23 OK
r-release-macos-arm64 0.3.0 26.00 OK
r-release-macos-x86_64 0.3.0 41.00 OK
r-release-windows-x86_64 0.3.0 22.00 83.00 105.00 OK
r-oldrel-macos-arm64 0.3.0 29.00 OK
r-oldrel-macos-x86_64 0.3.0 47.00 OK
r-oldrel-windows-x86_64 0.3.0 28.00 89.00 117.00 OK

Check Details

Version: 0.3.0
Check: package dependencies
Result: NOTE Package suggested but not available for checking: ‘testthat’ Flavor: r-devel-linux-x86_64-debian-gcc