CRAN Package Check Results for Package RcppSMC

Last updated on 2024-02-28 02:58:15 CET.

Flavor Version Tinstall Tcheck Ttotal Status Flags
r-devel-linux-x86_64-debian-clang 0.2.7 159.11 38.80 197.91 NOTE
r-devel-linux-x86_64-debian-gcc 0.2.7 129.97 27.43 157.40 NOTE
r-devel-linux-x86_64-fedora-clang 0.2.7 303.02 NOTE
r-devel-linux-x86_64-fedora-gcc 0.2.7 321.34 NOTE
r-devel-windows-x86_64 0.2.7 122.00 81.00 203.00 OK
r-patched-linux-x86_64 0.2.7 160.98 35.71 196.69 OK
r-release-linux-x86_64 0.2.7 176.25 35.31 211.56 OK
r-release-macos-arm64 0.2.7 61.00 NOTE
r-release-macos-x86_64 0.2.7 103.00 NOTE
r-release-windows-x86_64 0.2.7 154.00 84.00 238.00 OK
r-oldrel-macos-arm64 0.2.7 62.00 NOTE
r-oldrel-windows-x86_64 0.2.7 148.00 83.00 231.00 OK

Check Details

Version: 0.2.7
Check: Rd files
Result: NOTE checkRd: (-1) cSMCexamples.Rd:78-80: Lost braces in \itemize; \value handles \item{}{} directly checkRd: (-1) cSMCexamples.Rd:81-83: Lost braces in \itemize; \value handles \item{}{} directly checkRd: (-1) cSMCexamples.Rd:89: Lost braces in \itemize; \value handles \item{}{} directly checkRd: (-1) cSMCexamples.Rd:90: Lost braces in \itemize; \value handles \item{}{} directly Flavors: r-devel-linux-x86_64-debian-clang, r-devel-linux-x86_64-debian-gcc, r-devel-linux-x86_64-fedora-clang, r-devel-linux-x86_64-fedora-gcc

Version: 0.2.7
Check: installed package size
Result: NOTE installed size is 7.3Mb sub-directories of 1Mb or more: libs 7.0Mb Flavors: r-release-macos-arm64, r-release-macos-x86_64, r-oldrel-macos-arm64