Last updated on 2022-05-21 13:52:16 CEST.
Flavor | Version | Tinstall | Tcheck | Ttotal | Status | Flags |
---|---|---|---|---|---|---|
r-devel-linux-x86_64-debian-clang | 0.2.6 | 132.23 | 44.71 | 176.94 | OK | |
r-devel-linux-x86_64-debian-gcc | 0.2.6 | 115.49 | 33.05 | 148.54 | OK | |
r-devel-linux-x86_64-fedora-clang | 0.2.6 | 264.23 | NOTE | |||
r-devel-linux-x86_64-fedora-gcc | 0.2.6 | 244.34 | OK | |||
r-devel-windows-x86_64 | 0.2.6 | 128.00 | 82.00 | 210.00 | OK | |
r-patched-linux-x86_64 | 0.2.6 | 117.84 | 41.28 | 159.12 | OK | |
r-release-linux-x86_64 | 0.2.6 | 116.56 | 40.55 | 157.11 | OK | |
r-release-macos-arm64 | 0.2.6 | 55.00 | NOTE | |||
r-release-macos-x86_64 | 0.2.6 | 71.00 | NOTE | |||
r-release-windows-x86_64 | 0.2.6 | 124.00 | 84.00 | 208.00 | OK | |
r-oldrel-macos-arm64 | 0.2.6 | 57.00 | NOTE | |||
r-oldrel-macos-x86_64 | 0.2.6 | 74.00 | NOTE | |||
r-oldrel-windows-ix86+x86_64 | 0.2.6 | 328.00 | 93.00 | 421.00 | OK |
Version: 0.2.6
Check: installed package size
Result: NOTE
installed size is 5.0Mb
sub-directories of 1Mb or more:
libs 4.7Mb
Flavors: r-devel-linux-x86_64-fedora-clang, r-release-macos-arm64, r-release-macos-x86_64, r-oldrel-macos-arm64, r-oldrel-macos-x86_64