CRAN Package Check Results for Package RcppTOML

Last updated on 2019-10-23 19:49:19 CEST.

Flavor Version Tinstall Tcheck Ttotal Status Flags
r-devel-linux-x86_64-debian-clang 0.1.6 38.21 22.54 60.75 OK
r-devel-linux-x86_64-debian-gcc 0.1.6 27.40 18.44 45.84 OK
r-devel-linux-x86_64-fedora-clang 0.1.6 70.71 NOTE
r-devel-linux-x86_64-fedora-gcc 0.1.6 75.95 NOTE
r-devel-windows-ix86+x86_64 0.1.6 93.00 66.00 159.00 OK
r-patched-linux-x86_64 0.1.6 26.64 22.16 48.80 OK
r-patched-solaris-x86 0.1.6 84.60 OK
r-release-linux-x86_64 0.1.6 27.56 22.04 49.60 OK
r-release-windows-ix86+x86_64 0.1.6 82.00 68.00 150.00 OK
r-release-osx-x86_64 0.1.6 OK
r-oldrel-windows-ix86+x86_64 0.1.6 74.00 83.00 157.00 OK
r-oldrel-osx-x86_64 0.1.6 OK

Check Details

Version: 0.1.6
Check: top-level files
Result: NOTE
    ‘cleanup’: /bin/bash is not portable
Flavors: r-devel-linux-x86_64-fedora-clang, r-devel-linux-x86_64-fedora-gcc