CRAN Package Check Results for Package RcppXts

Last updated on 2022-05-26 18:49:11 CEST.

Flavor Version Tinstall Tcheck Ttotal Status Flags
r-devel-linux-x86_64-debian-clang 0.0.4 11.40 40.65 52.05 NOTE
r-devel-linux-x86_64-debian-gcc 0.0.4 11.27 35.45 46.72 NOTE
r-devel-linux-x86_64-fedora-clang 0.0.4 68.24 NOTE
r-devel-linux-x86_64-fedora-gcc 0.0.4 66.86 NOTE
r-devel-windows-x86_64 0.0.4 21.00 85.00 106.00 NOTE
r-patched-linux-x86_64 0.0.4 11.65 39.65 51.30 NOTE
r-release-linux-x86_64 0.0.4 13.47 39.32 52.79 NOTE
r-release-macos-arm64 0.0.4 22.00 NOTE
r-release-macos-x86_64 0.0.4 30.00 NOTE
r-release-windows-x86_64 0.0.4 21.00 78.00 99.00 NOTE
r-oldrel-macos-arm64 0.0.4 25.00 NOTE
r-oldrel-macos-x86_64 0.0.4 35.00 NOTE
r-oldrel-windows-ix86+x86_64 0.0.4 40.00 84.00 124.00 NOTE

Check Details

Version: 0.0.4
Check: dependencies in R code
Result: NOTE
    Package in Depends field not imported from: 'methods'
     These packages need to be imported from (in the NAMESPACE file)
     for when this namespace is loaded but not attached.
Flavors: r-devel-linux-x86_64-debian-clang, r-devel-linux-x86_64-debian-gcc, r-devel-linux-x86_64-fedora-clang, r-devel-linux-x86_64-fedora-gcc, r-devel-windows-x86_64, r-patched-linux-x86_64, r-release-linux-x86_64, r-release-macos-arm64, r-release-macos-x86_64, r-release-windows-x86_64, r-oldrel-macos-arm64, r-oldrel-macos-x86_64, r-oldrel-windows-ix86+x86_64

Version: 0.0.4
Check: compiled code
Result: NOTE
    File ‘RcppXts/libs/RcppXts.so’:
     Found no calls to: ‘R_registerRoutines’, ‘R_useDynamicSymbols’
    
    It is good practice to register native routines and to disable symbol
    search.
    
    See ‘Writing portable packages’ in the ‘Writing R Extensions’ manual.
Flavors: r-devel-linux-x86_64-fedora-clang, r-devel-linux-x86_64-fedora-gcc