CRAN Package Check Results for Package Rdimtools

Last updated on 2024-02-29 04:54:25 CET.

Flavor Version Tinstall Tcheck Ttotal Status Flags
r-devel-linux-x86_64-debian-clang 1.1.2 288.22 281.88 570.10 NOTE
r-devel-linux-x86_64-debian-gcc 1.1.2 241.05 205.35 446.40 NOTE
r-devel-linux-x86_64-fedora-clang 1.1.2 816.61 NOTE
r-devel-linux-x86_64-fedora-gcc 1.1.2 837.61 NOTE
r-devel-windows-x86_64 1.1.2 214.00 280.00 494.00 NOTE
r-patched-linux-x86_64 1.1.2 211.89 268.70 480.59 NOTE
r-release-linux-x86_64 1.1.2 212.69 264.30 476.99 NOTE
r-release-macos-arm64 1.1.2 178.00 NOTE
r-release-macos-x86_64 1.1.2 334.00 NOTE
r-release-windows-x86_64 1.1.2 279.00 354.00 633.00 NOTE
r-oldrel-macos-arm64 1.1.2 169.00 NOTE
r-oldrel-windows-x86_64 1.1.2 267.00 296.00 563.00 NOTE

Check Details

Version: 1.1.2
Check: C++ specification
Result: NOTE Specified C++11: please drop specification unless essential Flavors: r-devel-linux-x86_64-debian-clang, r-devel-linux-x86_64-debian-gcc, r-devel-linux-x86_64-fedora-clang, r-devel-linux-x86_64-fedora-gcc, r-devel-windows-x86_64, r-patched-linux-x86_64, r-release-linux-x86_64, r-release-macos-arm64, r-release-macos-x86_64, r-release-windows-x86_64

Version: 1.1.2
Check: Rd files
Result: NOTE checkRd: (-1) linear_RNDPROJ.Rd:45: Lost braces; missing escapes or markup? 45 | there is a linear map \eqn{f:R^N} to {R^n} such that | ^ Flavors: r-devel-linux-x86_64-debian-clang, r-devel-linux-x86_64-debian-gcc, r-devel-linux-x86_64-fedora-clang, r-devel-linux-x86_64-fedora-gcc

Version: 1.1.2
Check: installed package size
Result: NOTE installed size is 5.2Mb sub-directories of 1Mb or more: data 1.7Mb libs 1.6Mb Flavors: r-devel-linux-x86_64-fedora-clang, r-devel-windows-x86_64, r-release-macos-arm64, r-release-macos-x86_64, r-release-windows-x86_64, r-oldrel-macos-arm64, r-oldrel-windows-x86_64

Version: 1.1.2
Check: Rd cross-references
Result: NOTE Undeclared package ‘Rtsne’ in Rd xrefs Flavor: r-devel-linux-x86_64-fedora-clang