CRAN Package Check Results for Package Rdpack

Last updated on 2019-12-07 08:49:40 CET.

Flavor Version Tinstall Tcheck Ttotal Status Flags
r-devel-linux-x86_64-debian-clang 0.11-0 7.34 63.50 70.84 NOTE
r-devel-linux-x86_64-debian-gcc 0.11-0 6.40 49.78 56.18 NOTE
r-devel-linux-x86_64-fedora-clang 0.11-0 80.74 NOTE
r-devel-linux-x86_64-fedora-gcc 0.11-0 80.92 NOTE
r-devel-windows-ix86+x86_64 0.11-0 11.00 122.00 133.00 OK
r-devel-windows-ix86+x86_64-gcc8 0.11-0 10.00 99.00 109.00 OK
r-patched-linux-x86_64 0.11-0 6.24 58.87 65.11 OK
r-patched-solaris-x86 0.11-0 115.20 OK
r-release-linux-x86_64 0.11-0 5.67 58.51 64.18 OK
r-release-windows-ix86+x86_64 0.11-0 14.00 90.00 104.00 OK
r-release-osx-x86_64 0.11-0 OK
r-oldrel-windows-ix86+x86_64 0.11-0 8.00 149.00 157.00 OK
r-oldrel-osx-x86_64 0.11-0 OK

Check Details

Version: 0.11-0
Check: for non-standard things in the check directory
Result: NOTE
    Found the following files/directories:
     'dummyfun.Rd'
Flavors: r-devel-linux-x86_64-debian-clang, r-devel-linux-x86_64-debian-gcc, r-devel-linux-x86_64-fedora-clang, r-devel-linux-x86_64-fedora-gcc