CRAN Package Check Results for Package Rdpack

Last updated on 2020-07-07 07:48:13 CEST.

Flavor Version Tinstall Tcheck Ttotal Status Flags
r-devel-linux-x86_64-debian-clang 1.0.0 6.79 65.54 72.33 OK
r-devel-linux-x86_64-debian-gcc 1.0.0 5.55 50.42 55.97 OK
r-devel-linux-x86_64-fedora-clang 1.0.0 95.28 NOTE
r-devel-linux-x86_64-fedora-gcc 1.0.0 85.96 OK
r-devel-windows-ix86+x86_64 1.0.0 10.00 102.00 112.00 OK
r-patched-linux-x86_64 1.0.0 6.27 66.35 72.62 OK
r-patched-solaris-x86 1.0.0 115.70 OK
r-release-linux-x86_64 1.0.0 7.06 65.11 72.17 OK
r-release-osx-x86_64 0.11-1 OK
r-release-windows-ix86+x86_64 1.0.0 18.00 126.00 144.00 OK
r-oldrel-osx-x86_64 1.0.0 OK
r-oldrel-windows-ix86+x86_64 0.11-1 9.00 119.00 128.00 OK

Check Details

Version: 1.0.0
Check: Rd cross-references
Result: NOTE
    Undeclared package ‘gbutils’ in Rd xrefs
Flavor: r-devel-linux-x86_64-fedora-clang