Last updated on 2022-08-14 16:50:22 CEST.
Flavor | Version | Tinstall | Tcheck | Ttotal | Status | Flags |
---|---|---|---|---|---|---|
r-devel-linux-x86_64-debian-clang | 0.6.3 | 22.86 | 151.78 | 174.64 | OK | |
r-devel-linux-x86_64-debian-gcc | 0.6.3 | 16.44 | 110.64 | 127.08 | OK | |
r-devel-linux-x86_64-fedora-clang | 0.6.3 | 221.75 | NOTE | |||
r-devel-linux-x86_64-fedora-gcc | 0.6.3 | 214.33 | NOTE | |||
r-devel-windows-x86_64 | 0.6.3 | 60.00 | 168.00 | 228.00 | OK | |
r-patched-linux-x86_64 | 0.6.3 | 20.44 | 141.90 | 162.34 | OK | |
r-release-linux-x86_64 | 0.6.3 | 16.21 | 141.11 | 157.32 | OK | |
r-release-macos-arm64 | 0.6.3 | 48.00 | NOTE | |||
r-release-macos-x86_64 | 0.6.3 | 80.00 | NOTE | |||
r-release-windows-x86_64 | 0.6.3 | 58.00 | 171.00 | 229.00 | OK | |
r-oldrel-macos-arm64 | 0.6.3 | 52.00 | NOTE | |||
r-oldrel-macos-x86_64 | 0.6.3 | 77.00 | NOTE | |||
r-oldrel-windows-ix86+x86_64 | 0.6.3 | 38.00 | 172.00 | 210.00 | OK |
Version: 0.6.3
Check: dependencies in R code
Result: NOTE
Namespace in Imports field not imported from: ‘igraph’
All declared Imports should be used.
Flavors: r-devel-linux-x86_64-fedora-clang, r-devel-linux-x86_64-fedora-gcc, r-release-macos-arm64, r-release-macos-x86_64, r-oldrel-macos-arm64, r-oldrel-macos-x86_64