CRAN Package Check Results for Package RecordLinkage

Last updated on 2018-08-19 20:50:24 CEST.

Flavor Version Tinstall Tcheck Ttotal Status Flags
r-devel-linux-x86_64-debian-clang 0.4-10 13.97 175.00 188.97 NOTE
r-devel-linux-x86_64-debian-gcc 0.4-10 11.63 137.16 148.79 WARN
r-devel-linux-x86_64-fedora-clang 0.4-10 227.51 NOTE
r-devel-linux-x86_64-fedora-gcc 0.4-10 223.96 WARN
r-devel-windows-ix86+x86_64 0.4-10 46.00 256.00 302.00 OK
r-patched-linux-x86_64 0.4-10 13.11 156.70 169.81 WARN
r-patched-solaris-x86 0.4-10 302.40 NOTE
r-release-linux-x86_64 0.4-10 11.31 157.84 169.15 WARN
r-release-windows-ix86+x86_64 0.4-10 46.00 291.00 337.00 OK
r-release-osx-x86_64 0.4-10 OK
r-oldrel-windows-ix86+x86_64 0.4-10 22.00 264.00 286.00 OK
r-oldrel-osx-x86_64 0.4-10 OK

Check Details

Version: 0.4-10
Check: S3 generic/method consistency
Result: NOTE
    Found the following apparent S3 methods exported but not registered:
     [.RLBigData [.RLResult [.RecLinkData [.RecLinkResult
    See section ‘Registering S3 methods’ in the ‘Writing R Extensions’
    manual.
Flavors: r-devel-linux-x86_64-debian-clang, r-devel-linux-x86_64-debian-gcc, r-devel-linux-x86_64-fedora-clang, r-devel-linux-x86_64-fedora-gcc, r-patched-linux-x86_64, r-patched-solaris-x86, r-release-linux-x86_64

Version: 0.4-10
Check: compiled code
Result: NOTE
    File ‘RecordLinkage/libs/RecordLinkage.so’:
     Found no calls to: ‘R_registerRoutines’, ‘R_useDynamicSymbols’
    
    It is good practice to register native routines and to disable symbol
    search.
    
    See ‘Writing portable packages’ in the ‘Writing R Extensions’ manual.
Flavors: r-devel-linux-x86_64-debian-clang, r-devel-linux-x86_64-debian-gcc, r-devel-linux-x86_64-fedora-clang, r-devel-linux-x86_64-fedora-gcc, r-patched-linux-x86_64, r-release-linux-x86_64

Version: 0.4-10
Check: whether package can be installed
Result: WARN
    Found the following significant warnings:
     phonet.c:1207:34: warning: ‘sprintf’ may write a terminating nul past the end of the destination [-Wformat-overflow=]
     phonet.c:1208:34: warning: ‘sprintf’ may write a terminating nul past the end of the destination [-Wformat-overflow=]
Flavors: r-devel-linux-x86_64-debian-gcc, r-devel-linux-x86_64-fedora-gcc, r-patched-linux-x86_64, r-release-linux-x86_64