CRAN Package Check Results for Package RecordLinkage

Last updated on 2018-02-22 20:46:47 CET.

Flavor Version Tinstall Tcheck Ttotal Status Flags
r-devel-linux-x86_64-debian-clang 0.4-10 13.76 146.38 160.14 NOTE
r-devel-linux-x86_64-debian-gcc 0.4-10 12.82 123.94 136.76 NOTE
r-devel-linux-x86_64-fedora-clang 0.4-10 214.55 NOTE
r-devel-linux-x86_64-fedora-gcc 0.4-10 206.36 NOTE
r-devel-windows-ix86+x86_64 0.4-10 44.00 244.00 288.00 OK
r-patched-linux-x86_64 0.4-10 9.87 168.07 177.94 NOTE
r-patched-solaris-x86 0.4-10 300.70 NOTE
r-release-linux-x86_64 0.4-10 7.94 168.11 176.05 NOTE
r-release-windows-ix86+x86_64 0.4-10 40.00 315.00 355.00 OK
r-release-osx-x86_64 0.4-10 OK
r-oldrel-windows-ix86+x86_64 0.4-10 24.00 259.00 283.00 OK
r-oldrel-osx-x86_64 0.4-10 OK

Check Details

Version: 0.4-10
Check: S3 generic/method consistency
Result: NOTE
    Found the following apparent S3 methods exported but not registered:
     [.RLBigData [.RLResult [.RecLinkData [.RecLinkResult
    See section ‘Registering S3 methods’ in the ‘Writing R Extensions’
    manual.
Flavors: r-devel-linux-x86_64-debian-clang, r-devel-linux-x86_64-debian-gcc, r-devel-linux-x86_64-fedora-clang, r-devel-linux-x86_64-fedora-gcc, r-patched-linux-x86_64, r-patched-solaris-x86, r-release-linux-x86_64

Version: 0.4-10
Check: compiled code
Result: NOTE
    File ‘RecordLinkage/libs/RecordLinkage.so’:
     Found no calls to: ‘R_registerRoutines’, ‘R_useDynamicSymbols’
    
    It is good practice to register native routines and to disable symbol
    search.
    
    See ‘Writing portable packages’ in the ‘Writing R Extensions’ manual.
Flavors: r-devel-linux-x86_64-debian-clang, r-devel-linux-x86_64-debian-gcc, r-devel-linux-x86_64-fedora-clang, r-devel-linux-x86_64-fedora-gcc, r-patched-linux-x86_64, r-release-linux-x86_64