CRAN Package Check Results for Package RecordLinkage

Last updated on 2019-02-19 21:49:36 CET.

Flavor Version Tinstall Tcheck Ttotal Status Flags
r-devel-linux-x86_64-debian-clang 0.4-10.1 13.06 182.84 195.90 OK
r-devel-linux-x86_64-debian-gcc 0.4-10.1 11.49 144.04 155.53 WARN
r-devel-linux-x86_64-fedora-clang 0.4-10.1 235.25 NOTE
r-devel-linux-x86_64-fedora-gcc 0.4-10.1 222.78 WARN
r-devel-windows-ix86+x86_64 0.4-10.1 44.00 327.00 371.00 OK
r-patched-linux-x86_64 0.4-10.1 14.59 168.66 183.25 WARN
r-patched-solaris-x86 0.4-10.1 305.50 OK
r-release-linux-x86_64 0.4-10.1 11.38 163.85 175.23 WARN
r-release-windows-ix86+x86_64 0.4-10.1 29.00 341.00 370.00 OK
r-release-osx-x86_64 0.4-10.1 OK
r-oldrel-windows-ix86+x86_64 0.4-10.1 36.00 266.00 302.00 OK
r-oldrel-osx-x86_64 0.4-10.1 OK

Check Details

Version: 0.4-10.1
Check: whether package can be installed
Result: WARN
    Found the following significant warnings:
     phonet.c:1207:34: warning: ‘sprintf’ may write a terminating nul past the end of the destination [-Wformat-overflow=]
     phonet.c:1208:34: warning: ‘sprintf’ may write a terminating nul past the end of the destination [-Wformat-overflow=]
Flavors: r-devel-linux-x86_64-debian-gcc, r-devel-linux-x86_64-fedora-gcc, r-patched-linux-x86_64, r-release-linux-x86_64

Version: 0.4-10.1
Check: compiled code
Result: NOTE
    File ‘RecordLinkage/libs/RecordLinkage.so’:
     Found no calls to: ‘R_registerRoutines’, ‘R_useDynamicSymbols’
    
    It is good practice to register native routines and to disable symbol
    search.
    
    See ‘Writing portable packages’ in the ‘Writing R Extensions’ manual.
Flavors: r-devel-linux-x86_64-fedora-clang, r-devel-linux-x86_64-fedora-gcc