CRAN Package Check Results for Package RedditExtractoR

Last updated on 2018-10-24 05:49:59 CEST.

Flavor Version Tinstall Tcheck Ttotal Status Flags
r-devel-linux-x86_64-debian-clang 2.1.2 2.56 34.03 36.59 OK
r-devel-linux-x86_64-debian-gcc 2.1.2 2.19 26.94 29.13 OK
r-devel-linux-x86_64-fedora-clang 2.1.2 41.87 OK
r-devel-linux-x86_64-fedora-gcc 2.1.2 39.65 OK
r-devel-windows-ix86+x86_64 2.1.2 7.00 58.00 65.00 ERROR
r-patched-linux-x86_64 2.1.2 1.52 28.90 30.42 OK
r-patched-solaris-x86 2.1.2 57.30 OK
r-release-linux-x86_64 2.1.2 2.05 29.34 31.39 ERROR
r-release-windows-ix86+x86_64 2.1.2 8.00 78.00 86.00 ERROR
r-release-osx-x86_64 2.1.2 OK
r-oldrel-windows-ix86+x86_64 2.1.2 5.00 57.00 62.00 ERROR
r-oldrel-osx-x86_64 2.1.2 OK

Check Details

Version: 2.1.2
Check: examples
Result: ERROR
    Running examples in 'RedditExtractoR-Ex.R' failed
    The error most likely occurred in:
    
    > ### Name: user_network
    > ### Title: User relationship network
    > ### Aliases: user_network
    >
    > ### ** Examples
    >
    > # load libraries
    > library(dplyr)
    
    Attaching package: 'dplyr'
    
    The following objects are masked from 'package:stats':
    
     filter, lag
    
    The following objects are masked from 'package:base':
    
     intersect, setdiff, setequal, union
    
    > library(RedditExtractoR)
    > target_urls <- reddit_urls(search_terms="cats", subreddit="Art", cn_threshold=50)
    > target_df <- target_urls %>%
    + filter(num_comments==min(target_urls$num_comments)) %$%
    + URL %>% reddit_content # get the contents of a small thread
    
     |
     | | 0%Warning in file(con, "r") :
     InternetOpenUrl failed: 'Eine Umleitungsanforderung ändert eine nicht sichere in eine sichere Verbindung.'
    Warning in file(con, "r") :
     InternetOpenUrl failed: 'Eine Umleitungsanforderung ändert eine nicht sichere in eine sichere Verbindung.'
    
     |
     |======================================================================| 100%
    > network_list <- target_df %>% user_network(include_author=FALSE, agg=TRUE) # extract the network
    Error in left_join_impl(x, y, by_x, by_y, aux_x, aux_y, na_matches) :
     Can't join on 'response_to' x 'response_to' because of incompatible types (factor / logical)
    Calls: %>% ... as.data.frame -> left_join -> left_join.tbl_df -> left_join_impl
    Execution halted
Flavors: r-devel-windows-ix86+x86_64, r-release-windows-ix86+x86_64

Version: 2.1.2
Check: package dependencies
Result: ERROR
    Package required but not available: ‘visNetwork’
    
    See section ‘The DESCRIPTION file’ in the ‘Writing R Extensions’
    manual.
Flavor: r-release-linux-x86_64

Version: 2.1.2
Check: examples
Result: ERROR
    Running examples in 'RedditExtractoR-Ex.R' failed
    The error most likely occurred in:
    
    > ### Name: user_network
    > ### Title: User relationship network
    > ### Aliases: user_network
    >
    > ### ** Examples
    >
    > # load libraries
    > library(dplyr)
    
    Attaching package: 'dplyr'
    
    The following objects are masked from 'package:stats':
    
     filter, lag
    
    The following objects are masked from 'package:base':
    
     intersect, setdiff, setequal, union
    
    > library(RedditExtractoR)
    > target_urls <- reddit_urls(search_terms="cats", subreddit="Art", cn_threshold=50)
    > target_df <- target_urls %>%
    + filter(num_comments==min(target_urls$num_comments)) %$%
    + URL %>% reddit_content # get the contents of a small thread
    
     |
     | | 0%Warning in file(con, "r") :
     InternetOpenUrl failed: 'Eine Umleitungsanforderung ändert eine nicht sichere in eine sichere Verbindung.'
    Warning in file(con, "r") :
     InternetOpenUrl failed: 'Eine Umleitungsanforderung ändert eine nicht sichere in eine sichere Verbindung.'
    
     |
     |======================================================================| 100%
    > network_list <- target_df %>% user_network(include_author=FALSE, agg=TRUE) # extract the network
    Error in left_join_impl(x, y, by_x, by_y, aux_x, aux_y, na_matches) :
     Can't join on 'response_to' x 'response_to' because of incompatible types (factor / logical)
    Calls: %>% ... left_join -> left_join.tbl_df -> left_join_impl -> .Call
    Execution halted
Flavor: r-oldrel-windows-ix86+x86_64