CRAN Package Check Results for Package RedditExtractoR

Last updated on 2022-05-27 06:51:32 CEST.

Flavor Version Tinstall Tcheck Ttotal Status Flags
r-devel-linux-x86_64-debian-clang 3.0.6 2.99 35.44 38.43 OK
r-devel-linux-x86_64-debian-gcc 3.0.6 2.35 27.74 30.09 OK
r-devel-linux-x86_64-fedora-clang 3.0.6 45.69 NOTE
r-devel-linux-x86_64-fedora-gcc 3.0.6 45.20 NOTE
r-devel-windows-x86_64 3.0.6 62.00 57.00 119.00 OK
r-patched-linux-x86_64 3.0.6 2.69 34.31 37.00 OK
r-release-linux-x86_64 3.0.6 2.90 34.06 36.96 OK
r-release-macos-arm64 3.0.6 15.00 NOTE
r-release-macos-x86_64 3.0.6 22.00 NOTE
r-release-windows-x86_64 3.0.6 60.00 60.00 120.00 OK
r-oldrel-macos-arm64 3.0.6 18.00 NOTE
r-oldrel-macos-x86_64 3.0.6 23.00 NOTE
r-oldrel-windows-ix86+x86_64 3.0.6 7.00 46.00 53.00 OK

Check Details

Version: 3.0.6
Check: dependencies in R code
Result: NOTE
    Namespace in Imports field not imported from: ‘rlang’
     All declared Imports should be used.
Flavors: r-devel-linux-x86_64-fedora-clang, r-devel-linux-x86_64-fedora-gcc, r-release-macos-arm64, r-release-macos-x86_64, r-oldrel-macos-arm64, r-oldrel-macos-x86_64