CRAN Package Check Results for Package RefManageR

Last updated on 2018-02-24 22:47:44 CET.

Flavor Version Tinstall Tcheck Ttotal Status Flags
r-devel-linux-x86_64-debian-clang 0.14.20 8.56 121.20 129.76 OK
r-devel-linux-x86_64-debian-gcc 0.14.20 8.38 91.96 100.34 OK
r-devel-linux-x86_64-fedora-clang 0.14.20 154.08 OK
r-devel-linux-x86_64-fedora-gcc 0.14.20 150.73 OK
r-devel-windows-ix86+x86_64 0.14.20 17.00 180.00 197.00 OK
r-patched-linux-x86_64 0.14.20 3.07 137.60 140.67 OK
r-patched-solaris-x86 0.14.20 190.50 OK
r-release-linux-x86_64 0.14.20 2.96 134.30 137.26 OK
r-release-windows-ix86+x86_64 0.14.20 6.00 205.00 211.00 OK
r-release-osx-x86_64 0.14.20 OK
r-oldrel-windows-ix86+x86_64 0.14.20 6.00 141.00 147.00 OK
r-oldrel-osx-x86_64 0.14.20 ERROR

Check Details

Version: 0.14.20
Check: examples
Result: ERROR
    Running examples in ‘RefManageR-Ex.R’ failed
    The error most likely occurred in:
    
    > ### Name: WriteBib
    > ### Title: Create a BibTeX File from a BibEntry Object e Creates a Bibtex
    > ### File from a BibEntry object for use with either BibTeX or BibLaTex.
    > ### Aliases: WriteBib
    > ### Keywords: IO
    >
    > ### ** Examples
    >
    > bib <- ReadCrossRef(query = '10.1080/01621459.2012.699793')
    Error in curl::curl_fetch_memory(url, handle = handle) :
     Timeout was reached: Connection timed out after 11000 milliseconds
    Calls: ReadCrossRef ... request_fetch -> request_fetch.write_memory -> <Anonymous> -> .Call
    Execution halted
Flavor: r-oldrel-osx-x86_64