CRAN Package Check Results for Package RelValAnalysis

Last updated on 2020-07-05 14:48:32 CEST.

Flavor Version Tinstall Tcheck Ttotal Status Flags
r-devel-linux-x86_64-debian-clang 1.0 3.36 30.27 33.63 NOTE
r-devel-linux-x86_64-debian-gcc 1.0 2.91 23.60 26.51 NOTE
r-devel-linux-x86_64-fedora-clang 1.0 48.74 NOTE
r-devel-linux-x86_64-fedora-gcc 1.0 40.01 NOTE
r-devel-windows-ix86+x86_64 1.0 10.00 57.00 67.00 NOTE
r-patched-linux-x86_64 1.0 4.03 30.13 34.16 NOTE
r-patched-solaris-x86 1.0 58.90 NOTE
r-release-linux-x86_64 1.0 3.49 30.42 33.91 NOTE
r-release-osx-x86_64 1.0 NOTE
r-release-windows-ix86+x86_64 1.0 7.00 43.00 50.00 NOTE
r-oldrel-osx-x86_64 1.0 NOTE
r-oldrel-windows-ix86+x86_64 1.0 6.00 56.00 62.00 NOTE

Check Details

Version: 1.0
Check: R code for possible problems
Result: NOTE
    CapDistSlope: no visible global function definition for 'coef'
    CapDistSlope: no visible global function definition for 'lm'
    EnergyEntropyDecomp: no visible global function definition for 'legend'
    FernholzDecomp: no visible global function definition for 'legend'
    Invest: no visible global function definition for 'par'
    Invest: no visible global function definition for 'legend'
    SimMarketModel: no visible global function definition for 'rnorm'
    plot.capdist: no visible global function definition for 'abline'
    plot.capdist: no visible global function definition for 'lm'
    plot.toymkt: no visible global function definition for 'par'
    plot.toymkt: no visible global function definition for 'legend'
    Undefined global functions or variables:
     abline coef legend lm par rnorm
    Consider adding
     importFrom("graphics", "abline", "legend", "par")
     importFrom("stats", "coef", "lm", "rnorm")
    to your NAMESPACE file.
Flavors: r-devel-linux-x86_64-debian-clang, r-devel-linux-x86_64-debian-gcc, r-devel-linux-x86_64-fedora-clang, r-devel-linux-x86_64-fedora-gcc, r-devel-windows-ix86+x86_64, r-patched-linux-x86_64, r-patched-solaris-x86, r-release-linux-x86_64, r-release-osx-x86_64, r-release-windows-ix86+x86_64

Version: 1.0
Check: R code for possible problems
Result: NOTE
    CapDistSlope: no visible global function definition for ‘coef’
    CapDistSlope: no visible global function definition for ‘lm’
    EnergyEntropyDecomp: no visible global function definition for ‘legend’
    FernholzDecomp: no visible global function definition for ‘legend’
    Invest: no visible global function definition for ‘par’
    Invest: no visible global function definition for ‘legend’
    SimMarketModel: no visible global function definition for ‘rnorm’
    plot.capdist: no visible global function definition for ‘plot’
    plot.capdist: no visible global function definition for ‘abline’
    plot.capdist: no visible global function definition for ‘lm’
    plot.toymkt: no visible global function definition for ‘par’
    plot.toymkt: no visible global function definition for ‘plot’
    plot.toymkt: no visible global function definition for ‘legend’
    Undefined global functions or variables:
     abline coef legend lm par plot rnorm
    Consider adding
     importFrom("graphics", "abline", "legend", "par", "plot")
     importFrom("stats", "coef", "lm", "rnorm")
    to your NAMESPACE file.
Flavors: r-oldrel-osx-x86_64, r-oldrel-windows-ix86+x86_64