Last updated on 2019-12-14 18:46:43 CET.
Flavor | Version | Tinstall | Tcheck | Ttotal | Status | Flags |
---|---|---|---|---|---|---|
r-devel-linux-x86_64-debian-clang | 1.0 | 3.82 | 29.54 | 33.36 | NOTE | |
r-devel-linux-x86_64-debian-gcc | 1.0 | 2.62 | 23.46 | 26.08 | NOTE | |
r-devel-linux-x86_64-fedora-clang | 1.0 | 41.48 | NOTE | |||
r-devel-linux-x86_64-fedora-gcc | 1.0 | 39.18 | NOTE | |||
r-devel-windows-ix86+x86_64 | 1.0 | 7.00 | 61.00 | 68.00 | NOTE | |
r-devel-windows-ix86+x86_64-gcc8 | 1.0 | 8.00 | 58.00 | 66.00 | NOTE | |
r-patched-linux-x86_64 | 1.0 | 3.07 | 27.56 | 30.63 | NOTE | |
r-patched-solaris-x86 | 1.0 | 52.30 | NOTE | |||
r-release-linux-x86_64 | 1.0 | 3.46 | 27.62 | 31.08 | NOTE | |
r-release-windows-ix86+x86_64 | 1.0 | 5.00 | 42.00 | 47.00 | NOTE | |
r-release-osx-x86_64 | 1.0 | NOTE | ||||
r-oldrel-windows-ix86+x86_64 | 1.0 | 4.00 | 40.00 | 44.00 | NOTE | |
r-oldrel-osx-x86_64 | 1.0 | NOTE |
Version: 1.0
Check: R code for possible problems
Result: NOTE
CapDistSlope: no visible global function definition for 'coef'
CapDistSlope: no visible global function definition for 'lm'
EnergyEntropyDecomp: no visible global function definition for 'legend'
FernholzDecomp: no visible global function definition for 'legend'
Invest: no visible global function definition for 'par'
Invest: no visible global function definition for 'legend'
SimMarketModel: no visible global function definition for 'rnorm'
plot.capdist: no visible global function definition for 'plot'
plot.capdist: no visible global function definition for 'abline'
plot.capdist: no visible global function definition for 'lm'
plot.toymkt: no visible global function definition for 'par'
plot.toymkt: no visible global function definition for 'plot'
plot.toymkt: no visible global function definition for 'legend'
Undefined global functions or variables:
abline coef legend lm par plot rnorm
Consider adding
importFrom("graphics", "abline", "legend", "par", "plot")
importFrom("stats", "coef", "lm", "rnorm")
to your NAMESPACE file.
Flavors: r-devel-linux-x86_64-debian-clang, r-devel-linux-x86_64-debian-gcc, r-devel-linux-x86_64-fedora-clang, r-devel-linux-x86_64-fedora-gcc, r-devel-windows-ix86+x86_64, r-devel-windows-ix86+x86_64-gcc8, r-patched-linux-x86_64, r-patched-solaris-x86, r-release-linux-x86_64, r-release-windows-ix86+x86_64, r-release-osx-x86_64, r-oldrel-windows-ix86+x86_64, r-oldrel-osx-x86_64