CRAN Package Check Results for Package ResearchAssociate

Last updated on 2021-07-31 03:52:15 CEST.

Flavor Version Tinstall Tcheck Ttotal Status Flags
r-devel-linux-x86_64-debian-clang 1.0.1 NOTE
r-devel-linux-x86_64-debian-gcc 1.0.1 4.38 41.35 45.73 NOTE
r-devel-linux-x86_64-fedora-clang 1.0.1 78.47 NOTE
r-devel-linux-x86_64-fedora-gcc 1.0.1 68.10 NOTE
r-devel-windows-x86_64 1.0.1 9.00 77.00 86.00 NOTE
r-devel-windows-x86_64-gcc10-UCRT 1.0.1 NOTE
r-patched-linux-x86_64 1.0.1 NOTE
r-patched-solaris-x86 1.0.1 100.20 NOTE
r-release-linux-x86_64 1.0.1 5.31 51.07 56.38 NOTE
r-release-macos-arm64 1.0.1 NOTE
r-release-macos-x86_64 1.0.1 NOTE
r-release-windows-ix86+x86_64 1.0.1 16.00 57.00 73.00 NOTE
r-oldrel-macos-x86_64 1.0.1 OK
r-oldrel-windows-ix86+x86_64 1.0.1 12.00 78.00 90.00 OK

Check Details

Version: 1.0.1
Check: LazyData
Result: NOTE
     'LazyData' is specified without a 'data' directory
Flavors: r-devel-linux-x86_64-debian-clang, r-devel-linux-x86_64-debian-gcc, r-devel-linux-x86_64-fedora-clang, r-devel-linux-x86_64-fedora-gcc, r-devel-windows-x86_64, r-devel-windows-x86_64-gcc10-UCRT, r-patched-linux-x86_64, r-patched-solaris-x86, r-release-linux-x86_64, r-release-macos-arm64, r-release-macos-x86_64, r-release-windows-ix86+x86_64