CRAN Package Check Results for Package RevEcoR

Last updated on 2018-05-23 13:48:53 CEST.

Flavor Version Tinstall Tcheck Ttotal Status Flags
r-devel-linux-x86_64-debian-clang 0.99.3 8.01 87.05 95.06 OK
r-devel-linux-x86_64-debian-gcc 0.99.3 0.39 1.45 1.84 ERROR
r-devel-linux-x86_64-fedora-clang 0.99.3 114.49 OK
r-devel-linux-x86_64-fedora-gcc 0.99.3 111.33 OK
r-devel-windows-ix86+x86_64 0.99.3 13.00 128.00 141.00 OK
r-patched-linux-x86_64 0.99.3 4.85 75.55 80.40 OK
r-patched-solaris-x86 0.99.3 158.00 OK
r-release-linux-x86_64 0.99.3 5.39 75.24 80.63 OK
r-release-windows-ix86+x86_64 0.99.3 16.00 93.00 109.00 OK
r-release-osx-x86_64 0.99.3 OK
r-oldrel-windows-ix86+x86_64 0.99.3 15.00 126.00 141.00 OK
r-oldrel-osx-x86_64 0.99.3 OK

Check Details

Version: 0.99.3
Check: package dependencies
Result: ERROR
    Package required but not available: ‘purrr’
    
    See section ‘The DESCRIPTION file’ in the ‘Writing R Extensions’
    manual.
Flavor: r-devel-linux-x86_64-debian-gcc