CRAN Package Check Results for Package ReviewR

Last updated on 2022-05-16 06:52:33 CEST.

Flavor Version Tinstall Tcheck Ttotal Status Flags
r-devel-linux-x86_64-debian-clang 2.3.7 24.41 155.93 180.34 NOTE
r-devel-linux-x86_64-debian-gcc 2.3.7 17.04 115.56 132.60 NOTE
r-devel-linux-x86_64-fedora-clang 2.3.7 211.82 NOTE
r-devel-linux-x86_64-fedora-gcc 2.3.7 217.07 NOTE
r-devel-windows-x86_64 2.3.7 55.00 188.00 243.00 NOTE
r-patched-linux-x86_64 2.3.7 14.65 146.71 161.36 OK
r-release-linux-x86_64 2.3.7 19.92 147.67 167.59 OK
r-release-macos-arm64 2.3.7 50.00 NOTE
r-release-macos-x86_64 2.3.7 97.00 NOTE
r-release-windows-x86_64 2.3.7 74.00 185.00 259.00 OK
r-oldrel-macos-arm64 2.3.7 95.00 NOTE
r-oldrel-macos-x86_64 2.3.7 83.00 NOTE
r-oldrel-windows-ix86+x86_64 2.3.7 46.00 176.00 222.00 OK

Check Details

Version: 2.3.7
Check: Rd files
Result: NOTE
    checkRd: (7) mod_layout_chartreview.Rd:24-25: \item in \value must have non-empty label
Flavors: r-devel-linux-x86_64-debian-clang, r-devel-linux-x86_64-debian-gcc, r-devel-linux-x86_64-fedora-clang, r-devel-linux-x86_64-fedora-gcc, r-devel-windows-x86_64

Version: 2.3.7
Check: package dependencies
Result: NOTE
    Imports includes 30 non-default packages.
    Importing from so many packages makes the package vulnerable to any of
    them becoming unavailable. Move as many as possible to Suggests and
    use conditionally.
Flavor: r-devel-linux-x86_64-fedora-clang

Version: 2.3.7
Check: dependencies in R code
Result: NOTE
    Namespace in Imports field not imported from: ‘pkgload’
     All declared Imports should be used.
Flavors: r-devel-linux-x86_64-fedora-clang, r-devel-linux-x86_64-fedora-gcc, r-release-macos-arm64, r-release-macos-x86_64, r-oldrel-macos-arm64, r-oldrel-macos-x86_64

Version: 2.3.7
Check: data for non-ASCII characters
Result: NOTE
     Note: found 26 marked UTF-8 strings
Flavors: r-devel-linux-x86_64-fedora-clang, r-devel-linux-x86_64-fedora-gcc, r-release-macos-arm64, r-release-macos-x86_64, r-oldrel-macos-arm64, r-oldrel-macos-x86_64