CRAN Package Check Results for Package Revticulate

Last updated on 2024-02-25 15:51:35 CET.

Flavor Version Tinstall Tcheck Ttotal Status Flags
r-devel-linux-x86_64-debian-clang 1.0.0 4.46 37.29 41.75 NOTE
r-devel-linux-x86_64-debian-gcc 1.0.0 4.09 28.82 32.91 NOTE
r-devel-linux-x86_64-fedora-clang 1.0.0 54.71 NOTE
r-devel-linux-x86_64-fedora-gcc 1.0.0 55.67 NOTE
r-devel-windows-x86_64 1.0.0 5.00 51.00 56.00 OK
r-patched-linux-x86_64 1.0.0 5.29 37.17 42.46 OK
r-release-linux-x86_64 1.0.0 5.43 37.00 42.43 OK
r-release-macos-arm64 1.0.0 20.00 NOTE
r-release-macos-x86_64 1.0.0 29.00 OK
r-release-windows-x86_64 1.0.0 7.00 54.00 61.00 OK
r-oldrel-macos-arm64 1.0.0 16.00 NOTE
r-oldrel-windows-x86_64 1.0.0 7.00 59.00 66.00 OK

Check Details

Version: 1.0.0
Check: Rd files
Result: NOTE checkRd: (-1) saveRev.Rd:12: Lost braces; missing escapes or markup? 12 | \item{use_wd}{logical - If TRUE, the history will be prepended by setwd({'users current working directory'}). This function will set the script's working directory to | ^ Flavors: r-devel-linux-x86_64-debian-clang, r-devel-linux-x86_64-debian-gcc, r-devel-linux-x86_64-fedora-clang, r-devel-linux-x86_64-fedora-gcc

Version: 1.0.0
Check: package dependencies
Result: NOTE Package suggested but not available for checking: ‘RevGadgets’ Flavors: r-devel-linux-x86_64-debian-gcc, r-devel-linux-x86_64-fedora-gcc, r-release-macos-arm64, r-oldrel-macos-arm64