CRAN Package Check Results for Package Rfast2

Last updated on 2024-02-28 14:48:38 CET.

Flavor Version Tinstall Tcheck Ttotal Status Flags
r-devel-linux-x86_64-debian-clang 0.1.5.1 642.91 84.42 727.33 OK
r-devel-linux-x86_64-debian-gcc 0.1.5.1 488.03 62.08 550.11 OK
r-devel-linux-x86_64-fedora-clang 0.1.5.1 1058.16 OK
r-devel-linux-x86_64-fedora-gcc 0.1.5.1 1040.97 OK
r-devel-windows-x86_64 0.1.5.1 466.00 144.00 610.00 OK
r-patched-linux-x86_64 0.1.5.1 613.20 81.74 694.94 OK
r-release-linux-x86_64 0.1.5.1 602.57 81.46 684.03 OK
r-release-macos-arm64 0.1.5.1 179.00 NOTE
r-release-macos-x86_64 0.1.5.1 189.00 NOTE
r-release-windows-x86_64 0.1.5.1 587.00 161.00 748.00 OK
r-oldrel-macos-arm64 0.1.5.1 150.00 NOTE
r-oldrel-windows-x86_64 0.1.5.1 577.00 141.00 718.00 OK

Check Details

Version: 0.1.5.1
Check: installed package size
Result: NOTE installed size is 22.0Mb sub-directories of 1Mb or more: libs 21.2Mb Flavors: r-release-macos-arm64, r-release-macos-x86_64, r-oldrel-macos-arm64