CRAN Package Check Results for Package Rgb

Last updated on 2024-07-14 05:53:42 CEST.

Flavor Version Tinstall Tcheck Ttotal Status Flags
r-devel-linux-x86_64-debian-clang 1.7.5 11.53 88.18 99.71 NOTE
r-devel-linux-x86_64-debian-gcc 1.7.5 10.79 63.66 74.45 NOTE
r-devel-linux-x86_64-fedora-clang 1.7.5 126.50 NOTE
r-devel-linux-x86_64-fedora-gcc 1.7.5 139.68 NOTE
r-devel-windows-x86_64 1.7.5 13.00 96.00 109.00 NOTE
r-patched-linux-x86_64 1.7.5 13.23 84.53 97.76 NOTE
r-release-linux-x86_64 1.7.5 11.17 83.59 94.76 NOTE
r-release-macos-arm64 1.7.5 37.00 NOTE
r-release-macos-x86_64 1.7.5 65.00 NOTE
r-release-windows-x86_64 1.7.5 13.00 94.00 107.00 NOTE
r-oldrel-macos-arm64 1.7.5 47.00 OK
r-oldrel-macos-x86_64 1.7.5 101.00 OK
r-oldrel-windows-x86_64 1.7.5 15.00 104.00 119.00 OK

Check Details

Version: 1.7.5
Check: Rd files
Result: NOTE checkRd: (-1) tk.browse.Rd:29: Lost braces 29 | Single logical value, whether to wait for the interface window to be closed before unfreezing the R console. The \code{FALSE} default let you use R and the interface in parallel (see the 'Typing R commands while browsing' section below), the code{TRUE} value is used essentially in the stand alone version. | ^ checkRd: (-1) tk.convert.Rd:17: Lost braces 17 | Single logical value, whether to wait for the interface window to be closed before unfreezing the R console. The \code{FALSE} default let you use R and the interface in parallel, the code{TRUE} is used essentially in the stand alone version. | ^ checkRd: (-1) tk.tracks.Rd:8: Lost braces 8 | This function allows to load and edit the \code{\linkS4class{drawable.list}} object that is to be passed to \code{\link{tk.browse}} and code{\link{browsePlot}}, using a Tcl-tk interface | ^ Flavors: r-devel-linux-x86_64-debian-clang, r-devel-linux-x86_64-debian-gcc, r-devel-linux-x86_64-fedora-clang, r-devel-linux-x86_64-fedora-gcc, r-devel-windows-x86_64, r-patched-linux-x86_64, r-release-linux-x86_64, r-release-macos-arm64, r-release-macos-x86_64, r-release-windows-x86_64