CRAN Package Check Results for Package Rgff

Last updated on 2022-12-06 19:55:54 CET.

Flavor Version Tinstall Tcheck Ttotal Status Flags
r-devel-linux-x86_64-debian-clang 0.1.6 5.91 81.81 87.72 OK
r-devel-linux-x86_64-debian-gcc 0.1.6 4.62 61.15 65.77 OK
r-devel-linux-x86_64-fedora-clang 0.1.6 124.82 NOTE
r-devel-linux-x86_64-fedora-gcc 0.1.6 129.51 NOTE
r-devel-windows-x86_64 0.1.6 25.00 116.00 141.00 OK
r-patched-linux-x86_64 0.1.6 3.62 78.04 81.66 OK
r-release-linux-x86_64 0.1.6 4.02 85.40 89.42 OK
r-release-macos-arm64 0.1.6 42.00 NOTE
r-release-macos-x86_64 0.1.6 55.00 NOTE
r-release-windows-x86_64 0.1.6 23.00 145.00 168.00 OK
r-oldrel-macos-arm64 0.1.6 43.00 NOTE
r-oldrel-macos-x86_64 0.1.6 55.00 NOTE
r-oldrel-windows-ix86+x86_64 0.1.6 12.00 108.00 120.00 OK

Check Details

Version: 0.1.6
Check: dependencies in R code
Result: NOTE
    Namespace in Imports field not imported from: ‘tidyr’
     All declared Imports should be used.
Flavors: r-devel-linux-x86_64-fedora-clang, r-devel-linux-x86_64-fedora-gcc, r-release-macos-arm64, r-release-macos-x86_64, r-oldrel-macos-arm64, r-oldrel-macos-x86_64