CRAN Package Check Results for Package RiemBase

Last updated on 2022-05-28 15:51:07 CEST.

Flavor Version Tinstall Tcheck Ttotal Status Flags
r-devel-linux-x86_64-debian-clang 0.2.5 65.01 42.74 107.75 OK
r-devel-linux-x86_64-debian-gcc 0.2.5 44.40 32.87 77.27 OK
r-devel-linux-x86_64-fedora-clang 0.2.5 133.62 OK
r-devel-linux-x86_64-fedora-gcc 0.2.5 124.15 OK
r-devel-windows-x86_64 0.2.5 56.00 80.00 136.00 OK
r-patched-linux-x86_64 0.2.5 42.86 40.23 83.09 OK
r-release-linux-x86_64 0.2.5 44.91 40.83 85.74 OK
r-release-macos-arm64 0.2.5 35.00 NOTE
r-release-macos-x86_64 0.2.5 44.00 NOTE
r-release-windows-x86_64 0.2.5 62.00 83.00 145.00 OK
r-oldrel-macos-arm64 0.2.5 42.00 NOTE
r-oldrel-macos-x86_64 0.2.5 48.00 NOTE
r-oldrel-windows-ix86+x86_64 0.2.5 124.00 83.00 207.00 OK

Check Details

Version: 0.2.5
Check: installed package size
Result: NOTE
     installed size is 5.5Mb
     sub-directories of 1Mb or more:
     libs 5.3Mb
Flavors: r-release-macos-arm64, r-release-macos-x86_64, r-oldrel-macos-arm64, r-oldrel-macos-x86_64