Last updated on 2022-05-21 16:49:11 CEST.
Flavor | Version | Tinstall | Tcheck | Ttotal | Status | Flags |
---|---|---|---|---|---|---|
r-devel-linux-x86_64-debian-clang | 0.1.4 | 325.66 | 244.70 | 570.36 | OK | |
r-devel-linux-x86_64-debian-gcc | 0.1.4 | 270.36 | 184.27 | 454.63 | OK | |
r-devel-linux-x86_64-fedora-clang | 0.1.4 | 792.49 | NOTE | |||
r-devel-linux-x86_64-fedora-gcc | 0.1.4 | 744.56 | OK | |||
r-devel-windows-x86_64 | 0.1.4 | 268.00 | 305.00 | 573.00 | OK | |
r-patched-linux-x86_64 | 0.1.4 | 281.19 | 234.17 | 515.36 | OK | |
r-release-linux-x86_64 | 0.1.4 | 271.86 | 235.13 | 506.99 | OK | |
r-release-macos-arm64 | 0.1.4 | 171.00 | NOTE | |||
r-release-macos-x86_64 | 0.1.4 | 261.00 | NOTE | |||
r-release-windows-x86_64 | 0.1.4 | 272.00 | 307.00 | 579.00 | OK | |
r-oldrel-macos-arm64 | 0.1.4 | 142.00 | NOTE | |||
r-oldrel-macos-x86_64 | 0.1.4 | 199.00 | NOTE | |||
r-oldrel-windows-ix86+x86_64 | 0.1.4 | 747.00 | 409.00 | 1156.00 | NOTE |
Version: 0.1.4
Check: installed package size
Result: NOTE
installed size is 14.9Mb
sub-directories of 1Mb or more:
data 1.6Mb
libs 12.5Mb
Flavors: r-devel-linux-x86_64-fedora-clang, r-release-macos-arm64, r-release-macos-x86_64, r-oldrel-macos-arm64, r-oldrel-macos-x86_64, r-oldrel-windows-ix86+x86_64