Last updated on 2023-06-08 16:56:49 CEST.
Flavor | Version | Tinstall | Tcheck | Ttotal | Status | Flags |
---|---|---|---|---|---|---|
r-devel-linux-x86_64-debian-clang | 0.1.4 | 320.95 | 245.03 | 565.98 | NOTE | |
r-devel-linux-x86_64-debian-gcc | 0.1.4 | 256.46 | 183.31 | 439.77 | NOTE | |
r-devel-linux-x86_64-fedora-clang | 0.1.4 | 805.26 | NOTE | |||
r-devel-linux-x86_64-fedora-gcc | 0.1.4 | 811.15 | NOTE | |||
r-devel-windows-x86_64 | 0.1.4 | 241.00 | 229.00 | 470.00 | NOTE | |
r-patched-linux-x86_64 | 0.1.4 | 266.26 | 231.90 | 498.16 | NOTE | |
r-release-linux-x86_64 | 0.1.4 | 283.61 | 233.91 | 517.52 | NOTE | |
r-release-macos-arm64 | 0.1.4 | 200.00 | NOTE | |||
r-release-macos-x86_64 | 0.1.4 | 341.00 | NOTE | |||
r-release-windows-x86_64 | 0.1.4 | 308.00 | 294.00 | 602.00 | NOTE | |
r-oldrel-macos-arm64 | 0.1.4 | 171.00 | NOTE | |||
r-oldrel-macos-x86_64 | 0.1.4 | 261.00 | NOTE | |||
r-oldrel-windows-x86_64 | 0.1.4 | 301.00 | 259.00 | 560.00 | OK |
Version: 0.1.4
Check: C++ specification
Result: NOTE
Specified C++11: please drop specification unless essential
Flavors: r-devel-linux-x86_64-debian-clang, r-devel-linux-x86_64-debian-gcc, r-devel-linux-x86_64-fedora-clang, r-devel-linux-x86_64-fedora-gcc, r-devel-windows-x86_64, r-patched-linux-x86_64, r-release-linux-x86_64, r-release-macos-arm64, r-release-macos-x86_64, r-release-windows-x86_64
Version: 0.1.4
Check: Rd files
Result: NOTE
checkRd: (-1) acg.Rd:72: Escaped LaTeX specials: \&
checkRd: (-1) gorilla.Rd:41: Escaped LaTeX specials: \&
checkRd: (-1) grassmann.utest.Rd:63: Escaped LaTeX specials: \&
checkRd: (-1) macg.Rd:71: Escaped LaTeX specials: \&
checkRd: (-1) sphere.utest.Rd:47: Escaped LaTeX specials: \&
checkRd: (-1) stiefel.utest.Rd:64: Escaped LaTeX specials: \&
checkRd: (-1) wrap.landmark.Rd:41: Escaped LaTeX specials: \&
Flavors: r-devel-linux-x86_64-debian-clang, r-devel-linux-x86_64-debian-gcc, r-devel-linux-x86_64-fedora-clang, r-devel-linux-x86_64-fedora-gcc, r-devel-windows-x86_64, r-patched-linux-x86_64, r-release-linux-x86_64, r-release-macos-arm64, r-release-macos-x86_64, r-release-windows-x86_64
Version: 0.1.4
Check: installed package size
Result: NOTE
installed size is 18.6Mb
sub-directories of 1Mb or more:
data 1.6Mb
libs 16.2Mb
Flavors: r-release-macos-arm64, r-release-macos-x86_64, r-oldrel-macos-arm64, r-oldrel-macos-x86_64