Last updated on 2023-12-05 13:49:46 CET.
Flavor | Version | Tinstall | Tcheck | Ttotal | Status | Flags |
---|---|---|---|---|---|---|
r-devel-linux-x86_64-debian-clang | 2.1.7 | 3.15 | 46.57 | 49.72 | OK | |
r-devel-linux-x86_64-debian-gcc | 2.1.7 | 2.59 | 33.41 | 36.00 | OK | |
r-devel-linux-x86_64-fedora-clang | 2.1.7 | 61.94 | NOTE | |||
r-devel-linux-x86_64-fedora-gcc | 2.1.7 | 59.60 | NOTE | |||
r-devel-windows-x86_64 | 2.1.7 | 5.00 | 54.00 | 59.00 | OK | |
r-patched-linux-x86_64 | 2.1.7 | 3.79 | 44.30 | 48.09 | OK | |
r-release-linux-x86_64 | 2.1.7 | 2.59 | 44.52 | 47.11 | OK | |
r-release-macos-arm64 | 2.1.7 | 27.00 | OK | |||
r-release-macos-x86_64 | 2.1.7 | 30.00 | OK | |||
r-release-windows-x86_64 | 2.1.7 | 5.00 | 60.00 | 65.00 | OK | |
r-oldrel-macos-arm64 | 2.1.7 | 21.00 | NOTE | |||
r-oldrel-macos-x86_64 | 2.1.7 | 33.00 | NOTE | |||
r-oldrel-windows-x86_64 | 2.1.7 | 5.00 | 61.00 | 66.00 | OK |
Version: 2.1.7
Check: dependencies in R code
Result: NOTE
Namespace in Imports field not imported from: ‘MASS’
All declared Imports should be used.
Flavors: r-devel-linux-x86_64-fedora-clang, r-devel-linux-x86_64-fedora-gcc, r-oldrel-macos-arm64, r-oldrel-macos-x86_64