CRAN Package Check Results for Package Rlabkey

Last updated on 2020-07-07 07:48:14 CEST.

Flavor Version Tinstall Tcheck Ttotal Status Flags
r-devel-linux-x86_64-debian-clang 2.5.0 21.55 43.78 65.33 OK
r-devel-linux-x86_64-debian-gcc 2.5.0 18.04 34.23 52.27 OK
r-devel-linux-x86_64-fedora-clang 2.5.0 91.67 OK
r-devel-linux-x86_64-fedora-gcc 2.5.0 42.97 OK
r-devel-windows-ix86+x86_64 2.5.0 44.00 102.00 146.00 OK
r-patched-linux-x86_64 2.5.0 19.41 43.48 62.89 OK
r-patched-solaris-x86 2.5.0 92.20 ERROR
r-release-linux-x86_64 2.5.0 18.59 43.50 62.09 OK
r-release-osx-x86_64 2.4.0 OK
r-release-windows-ix86+x86_64 2.5.0 63.00 123.00 186.00 OK
r-oldrel-osx-x86_64 2.5.0 OK
r-oldrel-windows-ix86+x86_64 2.4.0 47.00 103.00 150.00 OK

Check Details

Version: 2.5.0
Check: examples
Result: ERROR
    Running examples in ‘Rlabkey-Ex.R’ failed
    The error most likely occurred in:
    
    > ### Name: getFolderPath
    > ### Title: Returns the folder path associated with a session
    > ### Aliases: getFolderPath
    > ### Keywords: file
    >
    > ### ** Examples
    >
    >
    > # library(Rlabkey)
    >
    > lks<- getSession("http://www.labkey.org", "/home")
    Error: lexical error: invalid char in json text.
     <html> <head><title>504 Gatewa
     (right here) ------^
    Execution halted
Flavor: r-patched-solaris-x86