CRAN Package Check Results for Package Rlgt

Last updated on 2024-02-26 17:51:27 CET.

Flavor Version Tinstall Tcheck Ttotal Status Flags
r-devel-linux-x86_64-debian-clang 0.2-1 1046.12 223.86 1269.98 NOTE
r-devel-linux-x86_64-debian-gcc 0.2-1 857.54 211.95 1069.49 NOTE
r-devel-linux-x86_64-fedora-clang 0.2-1 1551.42 NOTE
r-devel-linux-x86_64-fedora-gcc 0.2-1 1960.00 NOTE
r-devel-windows-x86_64 0.2-1 724.00 246.00 970.00 NOTE
r-patched-linux-x86_64 0.2-1 784.30 277.38 1061.68 NOTE
r-release-linux-x86_64 0.2-1 758.85 276.37 1035.22 NOTE
r-release-macos-arm64 0.2-1 554.00 NOTE
r-release-macos-x86_64 0.2-1 654.00 NOTE
r-release-windows-x86_64 0.2-1 920.00 307.00 1227.00 NOTE
r-oldrel-macos-arm64 0.2-1 514.00 NOTE
r-oldrel-windows-x86_64 0.2-1 857.00 281.00 1138.00 NOTE

Check Details

Version: 0.2-1
Check: for GNU extensions in Makefiles
Result: NOTE GNU make is a SystemRequirements. Flavors: r-devel-linux-x86_64-debian-clang, r-devel-linux-x86_64-debian-gcc, r-devel-linux-x86_64-fedora-clang, r-devel-linux-x86_64-fedora-gcc, r-devel-windows-x86_64, r-patched-linux-x86_64, r-release-linux-x86_64, r-release-macos-arm64, r-release-macos-x86_64, r-release-windows-x86_64, r-oldrel-macos-arm64, r-oldrel-windows-x86_64

Version: 0.2-1
Check: installed package size
Result: NOTE installed size is 10.4Mb sub-directories of 1Mb or more: libs 9.5Mb Flavors: r-devel-linux-x86_64-fedora-clang, r-devel-windows-x86_64, r-release-macos-arm64, r-release-macos-x86_64, r-release-windows-x86_64, r-oldrel-macos-arm64, r-oldrel-windows-x86_64