CRAN Package Check Results for Package Rlof

Last updated on 2021-05-13 22:51:12 CEST.

Flavor Version Tinstall Tcheck Ttotal Status Flags
r-devel-linux-x86_64-debian-clang 1.1.2 2.98 23.37 26.35 OK
r-devel-linux-x86_64-debian-gcc 1.1.2 2.32 18.72 21.04 OK
r-devel-linux-x86_64-fedora-clang 1.1.2 42.74 NOTE
r-devel-linux-x86_64-fedora-gcc 1.1.2 31.02 NOTE
r-devel-windows-ix86+x86_64 1.1.2 8.00 58.00 66.00 OK
r-devel-windows-x86_64-gcc10-UCRT 1.1.2 OK
r-patched-linux-x86_64 1.1.2 2.69 22.91 25.60 OK
r-patched-solaris-x86 1.1.2 47.20 OK
r-release-linux-x86_64 1.1.2 2.86 22.91 25.77 OK
r-release-macos-x86_64 1.1.2 OK
r-release-windows-ix86+x86_64 1.1.2 7.00 52.00 59.00 OK
r-oldrel-macos-x86_64 1.1.2 OK

Additional issues

rchk

Check Details

Version: 1.1.2
Check: compiled code
Result: NOTE
    File ‘Rlof/libs/Rlof.so’:
     Found no calls to: ‘R_registerRoutines’, ‘R_useDynamicSymbols’
    
    It is good practice to register native routines and to disable symbol
    search.
    
    See ‘Writing portable packages’ in the ‘Writing R Extensions’ manual.
Flavors: r-devel-linux-x86_64-fedora-clang, r-devel-linux-x86_64-fedora-gcc