CRAN Package Check Results for Package Rmagic

Last updated on 2020-01-21 23:51:06 CET.

Flavor Version Tinstall Tcheck Ttotal Status Flags
r-devel-linux-x86_64-debian-clang 2.0.3 9.40 87.28 96.68 OK
r-devel-linux-x86_64-debian-gcc 2.0.3 7.70 65.81 73.51 OK
r-devel-linux-x86_64-fedora-clang 2.0.3 129.78 OK
r-devel-linux-x86_64-fedora-gcc 2.0.3 128.87 OK
r-devel-windows-ix86+x86_64 2.0.3 31.00 16.00 47.00 ERROR
r-devel-windows-ix86+x86_64-gcc8 2.0.3 22.00 4.00 26.00 ERROR
r-patched-linux-x86_64 2.0.3 8.50 77.66 86.16 OK
r-patched-solaris-x86 2.0.3 141.40 OK
r-release-linux-x86_64 2.0.3 6.69 76.40 83.09 OK
r-release-windows-ix86+x86_64 2.0.3 15.00 7.00 22.00 ERROR
r-release-osx-x86_64 2.0.3 OK
r-oldrel-windows-ix86+x86_64 2.0.3 15.00 6.00 21.00 ERROR
r-oldrel-osx-x86_64 2.0.3 OK

Check Details

Version: 2.0.3
Check: whether the package can be loaded
Result: ERROR
    Loading this package had a fatal error status code 1
    Loading log:
    Loading required package: Matrix
    Error: package or namespace load failed for 'Rmagic':
     .onLoad failed in loadNamespace() for 'Rmagic', details:
     call: NULL
     error: lexical error: invalid char in json text.
     NA
     (right here) ------^
    Execution halted
Flavor: r-devel-windows-ix86+x86_64

Version: 2.0.3
Check: whether package can be installed
Result: ERROR
    Installation failed.
Flavors: r-devel-windows-ix86+x86_64-gcc8, r-release-windows-ix86+x86_64, r-oldrel-windows-ix86+x86_64