CRAN Package Check Results for Package RmecabKo

Last updated on 2018-12-09 22:58:41 CET.

Flavor Version Tinstall Tcheck Ttotal Status Flags
r-devel-linux-x86_64-debian-clang 0.1.6.2 28.81 23.72 52.53 OK
r-devel-linux-x86_64-debian-gcc 0.1.6.2 25.69 19.50 45.19 OK
r-devel-linux-x86_64-fedora-clang 0.1.6.2 73.95 OK
r-devel-linux-x86_64-fedora-gcc 0.1.6.2 70.98 OK
r-devel-windows-ix86+x86_64 0.1.6.2 63.00 54.00 117.00 OK
r-patched-linux-x86_64 0.1.6.2 34.80 22.16 56.96 OK
r-release-linux-x86_64 0.1.6.2 35.59 22.45 58.04 OK
r-release-windows-ix86+x86_64 0.1.6.2 67.00 59.00 126.00 OK
r-release-osx-x86_64 0.1.6.2 ERROR
r-oldrel-windows-ix86+x86_64 0.1.6.2 52.00 73.00 125.00 OK
r-oldrel-osx-x86_64 0.1.6.2 ERROR

Check Details

Version: 0.1.6.2
Check: whether package can be installed
Result: ERROR
    Installation failed.
Flavors: r-release-osx-x86_64, r-oldrel-osx-x86_64