CRAN Package Check Results for Package RmecabKo

Last updated on 2018-06-19 06:48:28 CEST.

Flavor Version Tinstall Tcheck Ttotal Status Flags
r-devel-linux-x86_64-debian-clang 0.1.6.2 27.98 22.60 50.58 OK
r-devel-linux-x86_64-debian-gcc 0.1.6.2 23.10 19.51 42.61 OK
r-devel-linux-x86_64-fedora-clang 0.1.6.2 68.67 OK
r-devel-linux-x86_64-fedora-gcc 0.1.6.2 63.05 OK
r-devel-windows-ix86+x86_64 0.1.6.2 76.00 56.00 132.00 OK
r-patched-linux-x86_64 0.1.6.2 30.29 22.36 52.65 OK
r-release-linux-x86_64 0.1.6.2 31.39 22.31 53.70 OK
r-release-windows-ix86+x86_64 0.1.6.2 46.00 58.00 104.00 OK
r-release-osx-x86_64 0.1.6.2 ERROR
r-oldrel-windows-ix86+x86_64 0.1.6.2 43.00 70.00 113.00 OK
r-oldrel-osx-x86_64 0.1.6.2 ERROR

Check Details

Version: 0.1.6.2
Check: whether package can be installed
Result: ERROR
    Installation failed.
Flavors: r-release-osx-x86_64, r-oldrel-osx-x86_64