CRAN Package Check Results for Package RmecabKo

Last updated on 2018-09-22 17:48:05 CEST.

Flavor Version Tinstall Tcheck Ttotal Status Flags
r-devel-linux-x86_64-debian-clang 0.1.6.2 30.88 24.64 55.52 OK
r-devel-linux-x86_64-debian-gcc 0.1.6.2 23.44 20.29 43.73 OK
r-devel-linux-x86_64-fedora-clang 0.1.6.2 75.39 OK
r-devel-linux-x86_64-fedora-gcc 0.1.6.2 70.04 OK
r-devel-windows-ix86+x86_64 0.1.6.2 65.00 62.00 127.00 OK
r-patched-linux-x86_64 0.1.6.2 34.12 22.16 56.28 OK
r-release-linux-x86_64 0.1.6.2 31.68 22.41 54.09 OK
r-release-windows-ix86+x86_64 0.1.6.2 48.00 72.00 120.00 OK
r-release-osx-x86_64 0.1.6.2 ERROR
r-oldrel-windows-ix86+x86_64 0.1.6.2 49.00 75.00 124.00 OK
r-oldrel-osx-x86_64 0.1.6.2 ERROR

Check Details

Version: 0.1.6.2
Check: whether package can be installed
Result: ERROR
    Installation failed.
Flavors: r-release-osx-x86_64, r-oldrel-osx-x86_64