CRAN Package Check Results for Package Rmixmod

Last updated on 2021-04-15 01:50:36 CEST.

Flavor Version Tinstall Tcheck Ttotal Status Flags
r-devel-linux-x86_64-debian-clang 2.1.5 544.47 66.13 610.60 OK
r-devel-linux-x86_64-debian-gcc 2.1.5 395.99 72.61 468.60 OK
r-devel-linux-x86_64-fedora-clang 2.1.5 925.59 NOTE
r-devel-linux-x86_64-fedora-gcc 2.1.5 856.37 OK
r-devel-windows-ix86+x86_64 2.1.5 1195.00 197.00 1392.00 OK
r-devel-windows-x86_64-gcc10-UCRT 2.1.5 OK
r-patched-linux-x86_64 2.1.5 476.93 88.82 565.75 OK
r-patched-solaris-x86 2.1.5 807.40 OK
r-release-linux-x86_64 2.1.5 477.49 89.51 567.00 OK
r-release-macos-x86_64 2.1.5 NOTE
r-release-windows-ix86+x86_64 2.1.5 1091.00 200.00 1291.00 OK
r-oldrel-macos-x86_64 2.1.5 ERROR
r-oldrel-windows-ix86+x86_64 2.1.5 1125.00 110.00 1235.00 OK

Additional issues

clang-UBSAN gcc-UBSAN

Check Details

Version: 2.1.5
Check: installed package size
Result: NOTE
     installed size is 40.2Mb
     sub-directories of 1Mb or more:
     libs 39.3Mb
Flavors: r-devel-linux-x86_64-fedora-clang, r-release-macos-x86_64

Version: 2.1.5
Check: whether package can be installed
Result: ERROR
    Installation failed.
Flavor: r-oldrel-macos-x86_64