CRAN Package Check Results for Package Rmpfr

Last updated on 2019-09-19 13:46:20 CEST.

Flavor Version Tinstall Tcheck Ttotal Status Flags
r-devel-linux-x86_64-debian-clang 0.7-2 19.52 333.94 353.46 WARN
r-devel-linux-x86_64-debian-gcc 0.7-2 15.06 253.89 268.95 WARN
r-devel-linux-x86_64-fedora-clang 0.7-2 439.04 WARN
r-devel-linux-x86_64-fedora-gcc 0.7-2 439.68 WARN
r-devel-windows-ix86+x86_64 0.7-2 46.00 926.00 972.00 OK
r-patched-linux-x86_64 0.7-2 18.68 334.34 353.02 OK
r-patched-solaris-x86 0.7-2 784.10 OK
r-release-linux-x86_64 0.7-2 17.67 337.24 354.91 OK
r-release-windows-ix86+x86_64 0.7-2 29.00 1147.00 1176.00 OK
r-release-osx-x86_64 0.7-2 OK
r-oldrel-windows-ix86+x86_64 0.7-2 26.00 908.00 934.00 OK
r-oldrel-osx-x86_64 0.7-2 OK

Check Details

Version: 0.7-2
Check: whether package can be installed
Result: WARN
    Found the following significant warnings:
     'config' variable 'CPP' is deprecated
Flavors: r-devel-linux-x86_64-debian-clang, r-devel-linux-x86_64-debian-gcc, r-devel-linux-x86_64-fedora-clang, r-devel-linux-x86_64-fedora-gcc