CRAN Package Check Results for Package Rmpfr

Last updated on 2020-02-27 16:49:29 CET.

Flavor Version Tinstall Tcheck Ttotal Status Flags
r-devel-linux-x86_64-debian-clang 0.8-1 24.89 166.57 191.46 OK
r-devel-linux-x86_64-debian-gcc 0.8-1 18.17 126.34 144.51 OK
r-devel-linux-x86_64-fedora-clang 0.8-1 232.20 OK
r-devel-linux-x86_64-fedora-gcc 0.8-1 228.72 OK
r-devel-windows-ix86+x86_64 0.8-1 34.00 275.00 309.00 OK
r-devel-windows-ix86+x86_64-gcc8 0.8-1 34.00 272.00 306.00 OK
r-patched-linux-x86_64 0.8-1 19.15 147.76 166.91 OK
r-patched-solaris-x86 0.8-1 260.70 OK
r-release-linux-x86_64 0.8-1 18.57 147.23 165.80 OK
r-release-windows-ix86+x86_64 0.8-1 32.00 250.00 282.00 OK
r-release-osx-x86_64 0.8-1 OK
r-oldrel-windows-ix86+x86_64 0.8-1 31.00 240.00 271.00 WARN
r-oldrel-osx-x86_64 0.8-1 OK

Check Details

Version: 0.8-1
Check: whether package can be installed
Result: WARN
    Found the following significant warnings:
     Warning: unable to re-encode 'special-fun.R' lines 409, 410, 411
Flavor: r-oldrel-windows-ix86+x86_64