CRAN Package Check Results for Package RndTexExams

Last updated on 2018-05-23 18:52:55 CEST.

Flavor Version Tinstall Tcheck Ttotal Status Flags
r-devel-linux-x86_64-debian-clang 1.4.1 4.91 92.23 97.14 OK
r-devel-linux-x86_64-debian-gcc 1.4.1 4.69 65.44 70.13 WARN
r-devel-linux-x86_64-fedora-clang 1.4.1 121.25 OK
r-devel-linux-x86_64-fedora-gcc 1.4.1 116.96 OK
r-devel-windows-ix86+x86_64 1.4.1 12.00 136.00 148.00 OK
r-patched-linux-x86_64 1.4.1 4.37 81.63 86.00 OK
r-patched-solaris-x86 1.4.1 173.30 OK
r-release-linux-x86_64 1.4.1 4.44 81.55 85.99 OK
r-release-windows-ix86+x86_64 1.4.1 12.00 165.00 177.00 OK
r-release-osx-x86_64 1.4.1 OK
r-oldrel-windows-ix86+x86_64 1.4.1 16.00 179.00 195.00 OK
r-oldrel-osx-x86_64 1.4.1 OK

Check Details

Version: 1.4.1
Check: package dependencies
Result: NOTE
    Package suggested but not available for checking: ‘ggplot2’
Flavor: r-devel-linux-x86_64-debian-gcc

Version: 1.4.1
Check: re-building of vignette outputs
Result: WARN
    Error in re-building vignettes:
     ...
    This is pdfTeX, Version 3.14159265-2.6-1.40.19 (TeX Live 2018/Debian) (preloaded format=pdflatex)
     restricted \write18 enabled.
    entering extended mode
    This is pdfTeX, Version 3.14159265-2.6-1.40.19 (TeX Live 2018/Debian) (preloaded format=pdflatex)
     restricted \write18 enabled.
    entering extended mode
    This is pdfTeX, Version 3.14159265-2.6-1.40.19 (TeX Live 2018/Debian) (preloaded format=pdflatex)
     restricted \write18 enabled.
    entering extended mode
    This is pdfTeX, Version 3.14159265-2.6-1.40.19 (TeX Live 2018/Debian) (preloaded format=pdflatex)
     restricted \write18 enabled.
    entering extended mode
    This is pdfTeX, Version 3.14159265-2.6-1.40.19 (TeX Live 2018/Debian) (preloaded format=pdflatex)
     restricted \write18 enabled.
    entering extended mode
    This is pdfTeX, Version 3.14159265-2.6-1.40.19 (TeX Live 2018/Debian) (preloaded format=pdflatex)
     restricted \write18 enabled.
    entering extended mode
    This is pdfTeX, Version 3.14159265-2.6-1.40.19 (TeX Live 2018/Debian) (preloaded format=pdflatex)
     restricted \write18 enabled.
    entering extended mode
    This is pdfTeX, Version 3.14159265-2.6-1.40.19 (TeX Live 2018/Debian) (preloaded format=pdflatex)
     restricted \write18 enabled.
    entering extended mode
    This is pdfTeX, Version 3.14159265-2.6-1.40.19 (TeX Live 2018/Debian) (preloaded format=pdflatex)
     restricted \write18 enabled.
    entering extended mode
    This is pdfTeX, Version 3.14159265-2.6-1.40.19 (TeX Live 2018/Debian) (preloaded format=pdflatex)
     restricted \write18 enabled.
    entering extended mode
    Quitting from lines 208-221 (rte-vignette_creating_exams.Rmd)
    Error: processing vignette ‘rte-vignette_creating_exams.Rmd’ failed with diagnostics:
    there is no package called 'ggplot2'
    Execution halted
Flavor: r-devel-linux-x86_64-debian-gcc