CRAN Package Check Results for Package Rnightlights

Last updated on 2018-05-23 15:48:01 CEST.

Flavor Version Tinstall Tcheck Ttotal Status Flags
r-devel-linux-x86_64-debian-clang 0.2.0 8.42 203.21 211.63 OK
r-devel-linux-x86_64-debian-gcc 0.2.0 0.33 1.32 1.65 ERROR
r-devel-linux-x86_64-fedora-clang 0.2.0 253.29 OK
r-devel-linux-x86_64-fedora-gcc 0.2.0 245.41 OK
r-devel-windows-ix86+x86_64 0.2.0 57.00 382.00 439.00 OK
r-patched-linux-x86_64 0.2.0 8.55 190.35 198.90 OK
r-patched-solaris-x86 0.2.0 345.20 OK
r-release-linux-x86_64 0.2.0 8.35 188.78 197.13 OK
r-release-windows-ix86+x86_64 0.2.0 138.00 576.00 714.00 OK
r-release-osx-x86_64 0.2.0 OK
r-oldrel-windows-ix86+x86_64 0.2.0 94.00 657.00 751.00 OK
r-oldrel-osx-x86_64 0.1.5 OK

Check Details

Version: 0.2.0
Check: package dependencies
Result: ERROR
    Packages required but not available: ‘dplyr’ ‘readr’
    
    Packages suggested but not available for checking:
     ‘dendextend’ ‘DT’ ‘ggdendro’ ‘ggplot2’ ‘leaflet’ ‘plotly’
    
    See section ‘The DESCRIPTION file’ in the ‘Writing R Extensions’
    manual.
Flavor: r-devel-linux-x86_64-debian-gcc