Last updated on 2023-11-29 21:51:59 CET.
Flavor | Version | Tinstall | Tcheck | Ttotal | Status | Flags |
---|---|---|---|---|---|---|
r-devel-linux-x86_64-debian-clang | 1.2.3 | 39.93 | 210.12 | 250.05 | NOTE | |
r-devel-linux-x86_64-debian-gcc | 1.2.3 | 39.98 | 153.02 | 193.00 | NOTE | |
r-devel-linux-x86_64-fedora-clang | 1.2.3 | 313.26 | NOTE | |||
r-devel-linux-x86_64-fedora-gcc | 1.2.3 | 304.69 | NOTE | |||
r-devel-windows-x86_64 | 1.2.3 | 34.00 | 176.00 | 210.00 | NOTE | |
r-patched-linux-x86_64 | 1.2.3 | 43.34 | 199.33 | 242.67 | OK | |
r-release-linux-x86_64 | 1.2.3 | 41.83 | 197.97 | 239.80 | OK | |
r-release-macos-arm64 | 1.2.3 | 76.00 | OK | |||
r-release-macos-x86_64 | 1.2.3 | 145.00 | NOTE | |||
r-release-windows-x86_64 | 1.2.3 | 48.00 | 218.00 | 266.00 | OK | |
r-oldrel-macos-arm64 | 1.2.3 | 93.00 | OK | |||
r-oldrel-macos-x86_64 | 1.2.3 | 102.00 | OK | |||
r-oldrel-windows-x86_64 | 1.2.3 | 51.00 | 217.00 | 268.00 | OK |
Version: 1.2.3
Check: Rd files
Result: NOTE
checkRd: (-1) internal_plots.Rd:193-203: Lost braces
193 | \code{.cexscale}{rescales the point sizes of the points to be plotted;
| ^
checkRd: (-1) internal_plots.Rd:204: Lost braces
204 | \code{.getDimsTD}{returns the number of different coordinates to be plotted.}
| ^
checkRd: (-1) internal_plots.Rd:205-207: Lost braces
205 | \code{.producePanelFirstS}{for each graphical panel inserts
| ^
checkRd: (-1) internal_plots.Rd:208-209: Lost braces
208 | \code{.getX.vec}{produces the x-grid (on original scale) for each of the panels
| ^
checkRd: (-1) internal_plots.Rd:211-212: Lost braces
211 | \code{.getXlimYlim}{produces panel-wise \code{xlim} and \code{ylim} arguments
| ^
checkRd: (-1) internal_plots.Rd:213: Lost braces
213 | \code{.prepareTitles}{produces the titles for the panels}
| ^
checkRd: (-1) internal_plots.Rd:214: Lost braces
214 | \code{.getToDraw}{computes which panels are to be drawn}
| ^
checkRd: (-1) internal_plots.Rd:215-216: Lost braces
215 | \code{.preparePanelFirstLast}{prepares the \code{panel.first} and \code{panel.last}
| ^
Flavors: r-devel-linux-x86_64-debian-clang, r-devel-linux-x86_64-debian-gcc
Version: 1.2.3
Check: Rd \usage sections
Result: NOTE
Documented arguments not in \usage in Rd file 'internal_plots.Rd':
‘panelFirst’
Documented arguments not in \usage in Rd file 'internals.Rd':
‘L2fam’
Objects in \usage without \alias in Rd file 'internals.Rd':
‘.evalListRec’ ‘.filterEargsWEargList’
Functions with \usage entries need to have the appropriate \alias
entries, and all their arguments documented.
The \usage entries must correspond to syntactically valid R code.
See chapter ‘Writing R documentation files’ in the ‘Writing R
Extensions’ manual.
Flavors: r-devel-linux-x86_64-debian-clang, r-devel-linux-x86_64-debian-gcc, r-devel-linux-x86_64-fedora-clang, r-devel-linux-x86_64-fedora-gcc, r-devel-windows-x86_64
Version: 1.2.3
Check: package dependencies
Result: NOTE
Package suggested but not available for checking: ‘ROptEst’
Flavor: r-release-macos-x86_64
Version: 1.2.3
Check: Rd cross-references
Result: NOTE
Package unavailable to check Rd xrefs: ‘ROptEst’
Flavor: r-release-macos-x86_64