CRAN Package Check Results for Package RobMixReg

Last updated on 2024-02-25 01:49:10 CET.

Flavor Version Tinstall Tcheck Ttotal Status Flags
r-devel-linux-x86_64-debian-clang 1.1.0 12.25 96.28 108.53 OK
r-devel-linux-x86_64-debian-gcc 1.1.0 10.21 72.73 82.94 OK
r-devel-linux-x86_64-fedora-clang 1.1.0 136.90 NOTE
r-devel-linux-x86_64-fedora-gcc 1.1.0 129.34 NOTE
r-devel-windows-x86_64 1.1.0 12.00 87.00 99.00 OK
r-patched-linux-x86_64 1.1.0 14.50 92.88 107.38 OK
r-release-linux-x86_64 1.1.0 12.88 92.18 105.06 OK
r-release-macos-arm64 1.1.0 42.00 OK
r-release-macos-x86_64 1.1.0 65.00 OK
r-release-windows-x86_64 1.1.0 15.00 104.00 119.00 OK
r-oldrel-macos-arm64 1.1.0 41.00 NOTE
r-oldrel-windows-x86_64 1.1.0 17.00 106.00 123.00 OK

Check Details

Version: 1.1.0
Check: dependencies in R code
Result: NOTE Namespace in Imports field not imported from: ‘glmnet’ All declared Imports should be used. Flavors: r-devel-linux-x86_64-fedora-clang, r-devel-linux-x86_64-fedora-gcc, r-oldrel-macos-arm64