CRAN Package Check Results for Package RobMixReg

Last updated on 2022-08-17 01:52:19 CEST.

Flavor Version Tinstall Tcheck Ttotal Status Flags
r-devel-linux-x86_64-debian-clang 1.1.0 12.65 104.59 117.24 OK
r-devel-linux-x86_64-debian-gcc 1.1.0 10.30 78.41 88.71 OK
r-devel-linux-x86_64-fedora-clang 1.1.0 154.46 NOTE
r-devel-linux-x86_64-fedora-gcc 1.1.0 163.87 NOTE
r-devel-windows-x86_64 1.1.0 36.00 122.00 158.00 OK
r-patched-linux-x86_64 1.1.0 12.38 98.47 110.85 OK
r-release-linux-x86_64 1.1.0 12.41 98.77 111.18 OK
r-release-macos-arm64 1.1.0 41.00 NOTE
r-release-macos-x86_64 1.1.0 68.00 NOTE
r-release-windows-x86_64 1.1.0 36.00 130.00 166.00 OK
r-oldrel-macos-arm64 1.1.0 52.00 NOTE
r-oldrel-macos-x86_64 1.1.0 73.00 NOTE
r-oldrel-windows-ix86+x86_64 1.1.0 26.00 125.00 151.00 OK

Check Details

Version: 1.1.0
Check: dependencies in R code
Result: NOTE
    Namespace in Imports field not imported from: ‘glmnet’
     All declared Imports should be used.
Flavors: r-devel-linux-x86_64-fedora-clang, r-devel-linux-x86_64-fedora-gcc, r-release-macos-arm64, r-release-macos-x86_64, r-oldrel-macos-arm64, r-oldrel-macos-x86_64