CRAN Package Check Results for Package RobPer

Last updated on 2018-09-22 04:52:26 CEST.

Flavor Version Tinstall Tcheck Ttotal Status Flags
r-devel-linux-x86_64-debian-clang 1.2.2 5.25 131.63 136.88 OK
r-devel-linux-x86_64-debian-gcc 1.2.2 5.11 102.05 107.16 OK
r-devel-linux-x86_64-fedora-clang 1.2.2 162.64 OK
r-devel-linux-x86_64-fedora-gcc 1.2.2 161.72 OK
r-devel-windows-ix86+x86_64 1.2.2 15.00 189.00 204.00 OK
r-patched-linux-x86_64 1.2.2 5.67 115.21 120.88 OK
r-patched-solaris-x86 1.2.2 212.20 OK
r-release-linux-x86_64 1.2.2 4.73 116.35 121.08 OK
r-release-windows-ix86+x86_64 1.2.2 11.00 183.00 194.00 OK
r-release-osx-x86_64 1.2.2 OK
r-oldrel-windows-ix86+x86_64 1.2.2 9.00 186.00 195.00 OK
r-oldrel-osx-x86_64 1.2.2 NOTE

Check Details

Version: 1.2.2
Check: re-building of vignette outputs
Result: NOTE
    Error in re-building vignettes:
     ...
    Loading required package: rgenoud
    ## rgenoud (Version 5.7-12.4, Build Date: 2015-07-19)
    ## See http://sekhon.berkeley.edu/rgenoud for additional documentation.
    ## Please cite software as:
    ## Walter Mebane, Jr. and Jasjeet S. Sekhon. 2011.
    ## ``Genetic Optimization Using Derivatives: The rgenoud package for R.''
    ## Journal of Statistical Software, 42(11): 1-26.
    ##
    
    Error in texi2dvi(file = file, pdf = TRUE, clean = clean, quiet = quiet, :
     Running 'texi2dvi' on 'RobPer_vignette.tex' failed.
    LaTeX errors:
    ! LaTeX Error: File `dsfont.sty' not found.
    
    Type X to quit or <RETURN> to proceed,
    or enter new name. (Default extension: sty)
    
    ! Emergency stop.
    <read *>
    
    l.4 \usepackage
     {thumbpdf,lmodern}^^M
    ! ==> Fatal error occurred, no output PDF file produced!
    Calls: buildVignettes -> texi2pdf -> texi2dvi
    Execution halted
Flavor: r-oldrel-osx-x86_64