Last updated on 2023-12-05 00:52:17 CET.
Flavor | Version | Tinstall | Tcheck | Ttotal | Status | Flags |
---|---|---|---|---|---|---|
r-devel-linux-x86_64-debian-clang | 0.6.5 | 69.40 | 70.83 | 140.23 | NOTE | |
r-devel-linux-x86_64-debian-gcc | 0.6.5 | 54.98 | 51.65 | 106.63 | NOTE | |
r-devel-linux-x86_64-fedora-clang | 0.6.5 | 174.46 | NOTE | |||
r-devel-linux-x86_64-fedora-gcc | 0.6.5 | 200.27 | NOTE | |||
r-devel-windows-x86_64 | 0.6.5 | 53.00 | 108.00 | 161.00 | WARN | |
r-patched-linux-x86_64 | 0.6.5 | 52.23 | 65.08 | 117.31 | OK | |
r-release-linux-x86_64 | 0.6.5 | 52.49 | 65.85 | 118.34 | OK | |
r-release-macos-arm64 | 0.6.5 | 57.00 | NOTE | |||
r-release-macos-x86_64 | 0.6.5 | 103.00 | NOTE | |||
r-release-windows-x86_64 | 0.6.5 | 70.00 | 126.00 | 196.00 | WARN | |
r-oldrel-macos-arm64 | 0.6.5 | 50.00 | NOTE | |||
r-oldrel-macos-x86_64 | 0.6.5 | 67.00 | NOTE | |||
r-oldrel-windows-x86_64 | 0.6.5 | 64.00 | 119.00 | 183.00 | OK |
Version: 0.6.5
Check: Rd files
Result: NOTE
checkRd: (-1) findInertInputs.Rd:36: Lost braces
36 | In this method, a prior that has shrinkage effects is suggested to use, .e.g the jointly robust prior (i.e. one should set prior_choice='ref_approx' in rgasp() to obtain the use code{rgasp} object before using this function). Moreover, one may not add a lower bound of the range parameters to perform this method (i.e. one should set lower_bound=F in rgasp()). For more details see Chapter 4 in
| ^
checkRd: (-1) generate_predictive_mean_cov.Rd:58: Lost braces; missing escapes or markup?
58 | a lower triangular matrix for the cholesky decomposition of $X^tR^{-1}X$.
| ^
checkRd: (-1) pred_rgasp.Rd:58: Lost braces; missing escapes or markup?
58 | a lower triangular matrix for the cholesky decomposition of $X^tR^{-1}X$.
| ^
checkRd: (-1) predict.ppgasp.Rd:38: Lost braces
38 | \item{loc_index}{specified coodinate index of the prediction. The default value is code{NA} and prediction will be computed for all coordinates. If e.g. loc_index=\code{c(3,5)}, it means the prediction will be computed on only the third and fifth coordinates, corresponding the coordinates of the third and fifth columns of the output matrix. }
| ^
checkRd: (-1) separable_kernel.Rd:26: Lost braces
26 | A vector specifying the type of kernels of each coordinate of the input. \code{matern_3_2} and \code{matern_5_2} are \code{Matern correlation} with roughness parameter 3/2 and 5/2 respectively. \code{pow_exp} is power exponential correlation with roughness parameter alpha. If \code{pow_exp} is to be used, one needs to specify its roughness parameter alpha. The default choice is \code{matern_5_2}. The \code{periodic_gauss} means the Gaussian kernel with periodic folding method with be used. The code{periodic_exp} means the exponential kernel with periodic folding method will be used.
| ^
Flavors: r-devel-linux-x86_64-debian-clang, r-devel-linux-x86_64-debian-gcc
Version: 0.6.5
Check: Rd \usage sections
Result: NOTE
Documented arguments not in \usage in Rd file 'Sample.rgasp.Rd':
‘interval_data’
Objects in \usage without \alias in Rd file 'neg_log_marginal_post_approx_ref_ppgasp.Rd':
‘neg_log_marginal_post_approx_ref’
Objects in \usage without \alias in Rd file 'separable_multi_kernel.Rd':
‘separable_kernel’
Functions with \usage entries need to have the appropriate \alias
entries, and all their arguments documented.
The \usage entries must correspond to syntactically valid R code.
See chapter ‘Writing R documentation files’ in the ‘Writing R
Extensions’ manual.
Flavors: r-devel-linux-x86_64-debian-clang, r-devel-linux-x86_64-debian-gcc, r-devel-linux-x86_64-fedora-clang, r-devel-linux-x86_64-fedora-gcc, r-devel-windows-x86_64
Version: 0.6.5
Check: whether package can be installed
Result: WARN
Found the following significant warnings:
d:\rtools43\x86_64-w64-mingw32.static.posix\lib\gcc\x86_64-w64-mingw32.static.posix\12.3.0\include\emmintrin.h:134:24: warning: array subscript '__m128d_u[0]' is partly outside array bounds of 'Eigen::internal::plain_matrix_type<Eigen::Product<Eigen::Block<Eigen::Matrix<double, -1, -1>, 1, -1, false>, Eigen::Transpose<Eigen::Block<Eigen::Matrix<double, -1, -1>, 1, -1, false> >, 0>, Eigen::Dense>::type [1]' {aka 'Eigen::Matrix<double, 1, 1, 0, 1, 1> [1]'} [-Warray-bounds]
See 'd:/Rcompile/CRANpkg/local/4.4/RobustGaSP.Rcheck/00install.out' for details.
* used C compiler: 'gcc.exe (GCC) 12.3.0'
* used C++ compiler: 'g++.exe (GCC) 12.3.0'
Flavor: r-devel-windows-x86_64
Version: 0.6.5
Check: installed package size
Result: NOTE
installed size is 29.4Mb
sub-directories of 1Mb or more:
libs 28.8Mb
Flavors: r-release-macos-arm64, r-release-macos-x86_64, r-oldrel-macos-arm64, r-oldrel-macos-x86_64
Version: 0.6.5
Check: whether package can be installed
Result: WARN
Found the following significant warnings:
d:\rtools43\x86_64-w64-mingw32.static.posix\lib\gcc\x86_64-w64-mingw32.static.posix\12.3.0\include\emmintrin.h:134:24: warning: array subscript '__m128d_u[0]' is partly outside array bounds of 'Eigen::internal::plain_matrix_type<Eigen::Product<Eigen::Block<Eigen::Matrix<double, -1, -1>, 1, -1, false>, Eigen::Transpose<Eigen::Block<Eigen::Matrix<double, -1, -1>, 1, -1, false> >, 0>, Eigen::Dense>::type [1]' {aka 'Eigen::Matrix<double, 1, 1, 0, 1, 1> [1]'} [-Warray-bounds]
See 'd:/Rcompile/CRANpkg/local/4.3/RobustGaSP.Rcheck/00install.out' for details.
* used C compiler: 'gcc.exe (GCC) 12.3.0'
* used C++ compiler: 'g++.exe (GCC) 12.3.0'
Flavor: r-release-windows-x86_64