CRAN Package Check Results for Package RobustGaSP

Last updated on 2022-12-01 06:52:55 CET.

Flavor Version Tinstall Tcheck Ttotal Status Flags
r-devel-linux-x86_64-debian-clang 0.6.5 66.49 70.96 137.45 OK
r-devel-linux-x86_64-debian-gcc 0.6.5 64.17 51.27 115.44 WARN
r-devel-linux-x86_64-fedora-clang 0.6.5 185.63 OK
r-devel-linux-x86_64-fedora-gcc 0.6.5 194.52 WARN
r-devel-windows-x86_64 0.6.5 174.00 157.00 331.00 OK
r-patched-linux-x86_64 0.6.5 67.59 61.21 128.80 OK
r-release-linux-x86_64 0.6.5 62.96 60.69 123.65 OK
r-release-macos-arm64 0.6.5 50.00 NOTE
r-release-macos-x86_64 0.6.5 67.00 NOTE
r-release-windows-x86_64 0.6.5 96.00 143.00 239.00 OK
r-oldrel-macos-arm64 0.6.5 49.00 NOTE
r-oldrel-macos-x86_64 0.6.5 70.00 NOTE
r-oldrel-windows-ix86+x86_64 0.6.5 147.00 150.00 297.00 OK

Additional issues

donttest

Check Details

Version: 0.6.5
Check: whether package can be installed
Result: WARN
    Found the following significant warnings:
     /usr/lib/gcc/x86_64-linux-gnu/12/include/emmintrin.h:131:24: warning: array subscript ‘__m128d_u[0]’ is partly outside array bounds of ‘Eigen::internal::plain_matrix_type<Eigen::Product<Eigen::Block<Eigen::Matrix<double, -1, -1>, 1, -1, false>, Eigen::Transpose<Eigen::Block<Eigen::Matrix<double, -1, -1>, 1, -1, false> >, 0>, Eigen::Dense>::type [1]’ {aka ‘Eigen::Matrix<double, 1, 1, 0, 1, 1> [1]’} [-Warray-bounds]
Flavor: r-devel-linux-x86_64-debian-gcc

Version: 0.6.5
Check: whether package can be installed
Result: WARN
    Found the following significant warnings:
     /usr/lib/gcc/x86_64-redhat-linux/12/include/emmintrin.h:131:24: warning: array subscript ‘__m128d_u[0]’ is partly outside array bounds of ‘Eigen::internal::plain_matrix_type<Eigen::Product<Eigen::Block<Eigen::Matrix<double, -1, -1>, 1, -1, false>, Eigen::Transpose<Eigen::Block<Eigen::Matrix<double, -1, -1>, 1, -1, false> >, 0>, Eigen::Dense>::type [1]’ {aka ‘Eigen::Matrix<double, 1, 1, 0, 1, 1> [1]’} [-Warray-bounds]
Flavor: r-devel-linux-x86_64-fedora-gcc

Version: 0.6.5
Check: installed package size
Result: NOTE
     installed size is 29.4Mb
     sub-directories of 1Mb or more:
     libs 28.8Mb
Flavors: r-release-macos-arm64, r-release-macos-x86_64, r-oldrel-macos-arm64, r-oldrel-macos-x86_64