CRAN Package Check Results for Package RonFHIR

Last updated on 2022-05-27 16:50:57 CEST.

Flavor Version Tinstall Tcheck Ttotal Status Flags
r-devel-linux-x86_64-debian-clang 0.4.0 5.36 36.36 41.72 NOTE
r-devel-linux-x86_64-debian-gcc 0.4.0 3.52 28.50 32.02 NOTE
r-devel-linux-x86_64-fedora-clang 0.4.0 50.97 NOTE
r-devel-linux-x86_64-fedora-gcc 0.4.0 49.54 NOTE
r-devel-windows-x86_64 0.4.0 17.00 52.00 69.00 NOTE
r-patched-linux-x86_64 0.4.0 3.76 35.35 39.11 NOTE
r-release-linux-x86_64 0.4.0 4.68 35.74 40.42 NOTE
r-release-macos-arm64 0.4.0 16.00 NOTE
r-release-macos-x86_64 0.4.0 25.00 NOTE
r-release-windows-x86_64 0.4.0 12.00 54.00 66.00 NOTE
r-oldrel-macos-arm64 0.4.0 21.00 NOTE
r-oldrel-macos-x86_64 0.4.0 28.00 NOTE
r-oldrel-windows-ix86+x86_64 0.4.0 13.00 46.00 59.00 NOTE

Check Details

Version: 0.4.0
Check: LazyData
Result: NOTE
     'LazyData' is specified without a 'data' directory
Flavors: r-devel-linux-x86_64-debian-clang, r-devel-linux-x86_64-debian-gcc, r-devel-linux-x86_64-fedora-clang, r-devel-linux-x86_64-fedora-gcc, r-devel-windows-x86_64, r-patched-linux-x86_64, r-release-linux-x86_64, r-release-macos-arm64, r-release-macos-x86_64, r-release-windows-x86_64, r-oldrel-macos-arm64, r-oldrel-macos-x86_64, r-oldrel-windows-ix86+x86_64