CRAN Package Check Results for Package RpeakChrom

Last updated on 2024-06-13 14:49:13 CEST.

Flavor Version Tinstall Tcheck Ttotal Status Flags
r-devel-linux-x86_64-debian-clang 1.1.0 6.76 63.26 70.02 OK
r-devel-linux-x86_64-debian-gcc 1.1.0 0.26 1.72 1.98 ERROR
r-devel-linux-x86_64-fedora-clang 1.1.0 87.09 OK
r-devel-linux-x86_64-fedora-gcc 1.1.0 81.15 OK
r-devel-windows-x86_64 1.1.0 8.00 64.00 72.00 OK
r-patched-linux-x86_64 1.1.0 7.37 60.10 67.47 OK
r-release-linux-x86_64 1.1.0 5.90 59.10 65.00 OK
r-release-macos-arm64 1.1.0 27.00 OK
r-release-macos-x86_64 1.1.0 40.00 OK
r-release-windows-x86_64 1.1.0 7.00 66.00 73.00 OK
r-oldrel-macos-arm64 1.1.0 32.00 OK
r-oldrel-macos-x86_64 1.1.0 44.00 OK
r-oldrel-windows-x86_64 1.1.0 9.00 76.00 85.00 OK

Check Details

Version: 1.1.0
Check: package dependencies
Result: ERROR Package required but not available: ‘ggplot2’ See section ‘The DESCRIPTION file’ in the ‘Writing R Extensions’ manual. Flavor: r-devel-linux-x86_64-debian-gcc