Last updated on 2021-02-25 09:46:57 CET.
Flavor | Version | Tinstall | Tcheck | Ttotal | Status | Flags |
---|---|---|---|---|---|---|
r-devel-linux-x86_64-debian-clang | 0.3.2 | 69.51 | 124.71 | 194.22 | OK | |
r-devel-linux-x86_64-debian-gcc | 0.3.2 | 48.26 | 92.51 | 140.77 | OK | |
r-devel-linux-x86_64-fedora-clang | 0.3.2 | 265.29 | NOTE | |||
r-devel-linux-x86_64-fedora-gcc | 0.3.2 | 249.26 | OK | |||
r-devel-windows-ix86+x86_64 | 0.3.2 | 106.00 | 158.00 | 264.00 | OK | |
r-patched-linux-x86_64 | 0.3.2 | 58.63 | 115.63 | 174.26 | OK | |
r-patched-solaris-x86 | 0.3.2 | 294.90 | OK | |||
r-release-linux-x86_64 | 0.3.2 | 59.21 | 115.14 | 174.35 | OK | |
r-release-macos-x86_64 | 0.3.2 | NOTE | ||||
r-release-windows-ix86+x86_64 | 0.3.2 | 114.00 | 154.00 | 268.00 | OK | |
r-oldrel-macos-x86_64 | 0.3.2 | NOTE | ||||
r-oldrel-windows-ix86+x86_64 | 0.3.2 | 102.00 | 150.00 | 252.00 | OK |
Version: 0.3.2
Check: installed package size
Result: NOTE
installed size is 5.6Mb
sub-directories of 1Mb or more:
libs 5.3Mb
Flavors: r-devel-linux-x86_64-fedora-clang, r-release-macos-x86_64, r-oldrel-macos-x86_64