CRAN Package Check Results for Package Rpolyhedra

Last updated on 2018-08-22 08:49:05 CEST.

Flavor Version Tinstall Tcheck Ttotal Status Flags
r-devel-linux-x86_64-debian-clang 0.2.6 9.42 103.80 113.22 OK
r-devel-linux-x86_64-debian-gcc 0.2.6 9.35 83.46 92.81 OK
r-devel-linux-x86_64-fedora-clang 0.2.6 133.71 OK
r-devel-linux-x86_64-fedora-gcc 0.2.6 128.27 OK
r-devel-windows-ix86+x86_64 0.2.6 20.00 99.00 119.00 OK
r-patched-linux-x86_64 0.2.6 10.55 98.27 108.82 OK
r-patched-solaris-x86 0.2.6 202.00 OK
r-release-linux-x86_64 0.2.6 9.00 99.42 108.42 OK
r-release-windows-ix86+x86_64 0.2.6 23.00 144.00 167.00 OK
r-release-osx-x86_64 0.2.6 WARN
r-oldrel-windows-ix86+x86_64 0.2.6 13.00 128.00 141.00 OK
r-oldrel-osx-x86_64 0.2.6 WARN

Check Details

Version: 0.2.6
Check: whether package can be installed
Result: WARN
    Found the following significant warnings:
     Warning: 'rgl_init' failed, running with rgl.useNULL = TRUE
Flavors: r-release-osx-x86_64, r-oldrel-osx-x86_64