CRAN Package Check Results for Package Rpolyhedra

Last updated on 2019-02-20 13:46:42 CET.

Flavor Version Tinstall Tcheck Ttotal Status Flags
r-release-osx-x86_64 0.4.0 NOTE
r-oldrel-osx-x86_64 0.4.0 NOTE

Check Details

Version: 0.4.0
Check: dependencies in R code
Result: NOTE
    Namespace in Imports field not imported from: ‘testthat’
     All declared Imports should be used.
Flavors: r-release-osx-x86_64, r-oldrel-osx-x86_64