CRAN Package Check Results for Package Rpolyhedra

Last updated on 2018-05-23 03:48:39 CEST.

Flavor Version Tinstall Tcheck Ttotal Status Flags
r-devel-linux-x86_64-debian-clang 0.2.4 11.95 144.04 155.99 OK
r-devel-linux-x86_64-debian-gcc 0.2.4 9.08 113.16 122.24 OK
r-devel-linux-x86_64-fedora-clang 0.2.4 187.70 NOTE
r-devel-linux-x86_64-fedora-gcc 0.2.4 179.22 NOTE
r-devel-windows-ix86+x86_64 0.2.4 28.00 152.00 180.00 NOTE
r-patched-linux-x86_64 0.2.4 10.68 145.47 156.15 OK
r-patched-solaris-x86 0.2.4 281.40 NOTE
r-release-linux-x86_64 0.2.4 9.19 141.10 150.29 OK
r-release-windows-ix86+x86_64 0.2.4 37.00 185.00 222.00 NOTE
r-release-osx-x86_64 0.2.4 NOTE
r-oldrel-windows-ix86+x86_64 0.2.4 39.00 201.00 240.00 NOTE
r-oldrel-osx-x86_64 0.2.4 NOTE

Check Details

Version: 0.2.4
Check: installed package size
Result: NOTE
     installed size is 12.8Mb
     sub-directories of 1Mb or more:
     extdata 12.3Mb
Flavors: r-devel-linux-x86_64-fedora-clang, r-devel-linux-x86_64-fedora-gcc, r-devel-windows-ix86+x86_64, r-patched-solaris-x86, r-release-windows-ix86+x86_64, r-release-osx-x86_64, r-oldrel-windows-ix86+x86_64, r-oldrel-osx-x86_64