CRAN Package Check Results for Package Rpoppler

Last updated on 2024-07-22 15:57:32 CEST.

Flavor Version Tinstall Tcheck Ttotal Status Flags
r-devel-linux-x86_64-debian-clang 0.1-2 7.95 24.48 32.43 OK
r-devel-linux-x86_64-debian-gcc 0.1-2 5.04 18.74 23.78 OK
r-devel-linux-x86_64-fedora-clang 0.1-2 41.66 OK
r-devel-linux-x86_64-fedora-gcc 0.1-2 39.62 OK
r-patched-linux-x86_64 0.1-2 6.14 23.31 29.45 OK
r-release-linux-x86_64 0.1-2 5.65 23.70 29.35 OK
r-release-macos-arm64 0.1-2 20.00 NOTE
r-release-macos-x86_64 0.1-2 30.00 NOTE
r-oldrel-macos-arm64 0.1-2 25.00 NOTE
r-oldrel-macos-x86_64 0.1-2 59.00 NOTE

Check Details

Version: 0.1-2
Check: installed package size
Result: NOTE installed size is 47.6Mb sub-directories of 1Mb or more: libs 47.5Mb Flavors: r-release-macos-arm64, r-release-macos-x86_64, r-oldrel-macos-arm64, r-oldrel-macos-x86_64