CRAN Package Check Results for Package Rraven

Last updated on 2019-11-16 00:51:17 CET.

Flavor Version Tinstall Tcheck Ttotal Status Flags
r-devel-linux-x86_64-debian-clang 1.0.8 6.25 53.46 59.71 OK
r-devel-linux-x86_64-debian-gcc 1.0.8 4.88 40.77 45.65 OK
r-devel-linux-x86_64-fedora-clang 1.0.8 73.03 NOTE
r-devel-linux-x86_64-fedora-gcc 1.0.8 69.40 NOTE
r-devel-windows-ix86+x86_64 1.0.8 19.00 100.00 119.00 OK
r-patched-linux-x86_64 1.0.8 4.87 50.65 55.52 OK
r-patched-solaris-x86 1.0.8 97.10 NOTE
r-release-linux-x86_64 1.0.8 5.52 50.63 56.15 OK
r-release-windows-ix86+x86_64 1.0.8 12.00 115.00 127.00 OK
r-release-osx-x86_64 1.0.8 NOTE
r-oldrel-windows-ix86+x86_64 1.0.8 10.00 74.00 84.00 OK
r-oldrel-osx-x86_64 1.0.8 NOTE

Check Details

Version: 1.0.8
Check: dependencies in R code
Result: NOTE
    Namespace in Imports field not imported from: ‘NatureSounds’
     All declared Imports should be used.
Flavors: r-devel-linux-x86_64-fedora-clang, r-devel-linux-x86_64-fedora-gcc, r-patched-solaris-x86, r-release-osx-x86_64, r-oldrel-osx-x86_64