CRAN Package Check Results for Package Rraven

Last updated on 2020-05-29 17:49:16 CEST.

Flavor Version Tinstall Tcheck Ttotal Status Flags
r-devel-linux-x86_64-debian-clang 1.0.9 4.24 39.01 43.25 OK
r-devel-linux-x86_64-debian-gcc 1.0.9 2.95 30.91 33.86 OK
r-devel-linux-x86_64-fedora-clang 1.0.9 58.52 NOTE
r-devel-linux-x86_64-fedora-gcc 1.0.9 50.34 NOTE
r-devel-windows-ix86+x86_64 1.0.9 13.00 76.00 89.00 OK
r-patched-linux-x86_64 1.0.9 3.52 38.61 42.13 OK
r-patched-solaris-x86 1.0.9 69.00 NOTE
r-release-linux-x86_64 1.0.9 4.33 38.99 43.32 OK
r-release-osx-x86_64 1.0.9 NOTE
r-release-windows-ix86+x86_64 1.0.9 9.00 63.00 72.00 OK
r-oldrel-osx-x86_64 1.0.9 NOTE
r-oldrel-windows-ix86+x86_64 1.0.9 6.00 61.00 67.00 OK

Check Details

Version: 1.0.9
Check: dependencies in R code
Result: NOTE
    Namespace in Imports field not imported from: ‘NatureSounds’
     All declared Imports should be used.
Flavors: r-devel-linux-x86_64-fedora-clang, r-devel-linux-x86_64-fedora-gcc, r-patched-solaris-x86, r-release-osx-x86_64, r-oldrel-osx-x86_64