CRAN Package Check Results for Package Rsgf

Last updated on 2023-12-01 12:52:33 CET.

Flavor Version Tinstall Tcheck Ttotal Status Flags
r-devel-linux-x86_64-debian-clang 1.0.0 6.51 49.15 55.66 OK
r-devel-linux-x86_64-debian-gcc 1.0.0 4.22 37.47 41.69 OK
r-devel-linux-x86_64-fedora-clang 1.0.0 67.65 NOTE
r-devel-linux-x86_64-fedora-gcc 1.0.0 65.86 NOTE
r-devel-windows-x86_64 1.0.0 7.00 56.00 63.00 OK
r-patched-linux-x86_64 1.0.0 5.93 46.54 52.47 OK
r-release-linux-x86_64 1.0.0 5.17 46.30 51.47 OK
r-release-macos-arm64 1.0.0 24.00 OK
r-release-macos-x86_64 1.0.0 37.00 OK
r-release-windows-x86_64 1.0.0 8.00 60.00 68.00 OK
r-oldrel-macos-arm64 1.0.0 25.00 NOTE
r-oldrel-macos-x86_64 1.0.0 47.00 NOTE
r-oldrel-windows-x86_64 1.0.0 8.00 66.00 74.00 OK

Check Details

Version: 1.0.0
Check: dependencies in R code
Result: NOTE Namespace in Imports field not imported from: ‘utils’ All declared Imports should be used. Flavors: r-devel-linux-x86_64-fedora-clang, r-devel-linux-x86_64-fedora-gcc, r-oldrel-macos-arm64, r-oldrel-macos-x86_64