Last updated on 2022-08-17 16:48:58 CEST.
Flavor | Version | Tinstall | Tcheck | Ttotal | Status | Flags |
---|---|---|---|---|---|---|
r-devel-linux-x86_64-debian-clang | 0.1.2 | 2.32 | 23.51 | 25.83 | NOTE | |
r-devel-linux-x86_64-debian-gcc | 0.1.2 | NOTE | ||||
r-devel-linux-x86_64-fedora-clang | 0.1.2 | 44.22 | NOTE | |||
r-devel-linux-x86_64-fedora-gcc | 0.1.2 | 41.18 | NOTE | |||
r-devel-windows-x86_64 | 0.1.2 | 12.00 | 48.00 | 60.00 | NOTE | |
r-patched-linux-x86_64 | 0.1.2 | 2.73 | 22.74 | 25.47 | NOTE | |
r-release-linux-x86_64 | 0.1.2 | 1.55 | 22.85 | 24.40 | NOTE | |
r-release-macos-arm64 | 0.1.2 | 15.00 | NOTE | |||
r-release-macos-x86_64 | 0.1.2 | 25.00 | NOTE | |||
r-release-windows-x86_64 | 0.1.2 | 13.00 | 53.00 | 66.00 | NOTE | |
r-oldrel-macos-arm64 | 0.1.2 | 19.00 | NOTE | |||
r-oldrel-macos-x86_64 | 0.1.2 | 21.00 | NOTE | |||
r-oldrel-windows-ix86+x86_64 | 0.1.2 | 6.00 | 46.00 | 52.00 | NOTE |
Version: 0.1.2
Check: LazyData
Result: NOTE
'LazyData' is specified without a 'data' directory
Flavors: r-devel-linux-x86_64-debian-clang, r-devel-linux-x86_64-debian-gcc, r-devel-linux-x86_64-fedora-clang, r-devel-linux-x86_64-fedora-gcc, r-devel-windows-x86_64, r-patched-linux-x86_64, r-release-linux-x86_64, r-release-macos-arm64, r-release-macos-x86_64, r-release-windows-x86_64, r-oldrel-macos-arm64, r-oldrel-macos-x86_64, r-oldrel-windows-ix86+x86_64
Version: 0.1.2
Check: dependencies in R code
Result: NOTE
Namespace in Imports field not imported from: ‘magrittr’
All declared Imports should be used.
Flavors: r-devel-linux-x86_64-fedora-clang, r-devel-linux-x86_64-fedora-gcc, r-release-macos-arm64, r-release-macos-x86_64, r-oldrel-macos-arm64, r-oldrel-macos-x86_64