Last updated on 2022-06-30 05:58:03 CEST.
Flavor | Version | Tinstall | Tcheck | Ttotal | Status | Flags |
---|---|---|---|---|---|---|
r-devel-linux-x86_64-debian-clang | 1.2.1 | 54.35 | 105.66 | 160.01 | OK | |
r-devel-linux-x86_64-debian-gcc | 1.2.1 | 43.51 | 76.59 | 120.10 | OK | |
r-devel-linux-x86_64-fedora-clang | 1.2.1 | 212.01 | NOTE | |||
r-devel-linux-x86_64-fedora-gcc | 1.2.1 | 202.04 | NOTE | |||
r-devel-windows-x86_64 | 1.2.1 | 171.00 | 161.00 | 332.00 | OK | |
r-patched-linux-x86_64 | 1.2.1 | 49.85 | 99.37 | 149.22 | OK | |
r-release-linux-x86_64 | 1.2.1 | 47.37 | 99.34 | 146.71 | OK | |
r-release-macos-arm64 | 1.2.1 | 113.00 | NOTE | |||
r-release-macos-x86_64 | 1.2.1 | 136.00 | NOTE | |||
r-release-windows-x86_64 | 1.2.1 | 151.00 | 164.00 | 315.00 | OK | |
r-oldrel-macos-arm64 | 1.2.1 | 145.00 | NOTE | |||
r-oldrel-macos-x86_64 | 1.2.1 | 155.00 | NOTE | |||
r-oldrel-windows-ix86+x86_64 | 1.2.1 | 134.00 | 245.00 | 379.00 | OK |
Version: 1.2.1
Check: data for non-ASCII characters
Result: NOTE
Note: found 117 marked UTF-8 strings
Flavors: r-devel-linux-x86_64-fedora-clang, r-devel-linux-x86_64-fedora-gcc, r-release-macos-arm64, r-release-macos-x86_64, r-oldrel-macos-arm64, r-oldrel-macos-x86_64
Version: 1.2.1
Check: installed package size
Result: NOTE
installed size is 5.7Mb
sub-directories of 1Mb or more:
libs 4.0Mb
Flavor: r-oldrel-macos-arm64