CRAN Package Check Results for Package Rtapas

Last updated on 2022-09-24 16:51:56 CEST.

Flavor Version Tinstall Tcheck Ttotal Status Flags
r-devel-linux-x86_64-debian-clang 1.0 11.98 113.39 125.37 OK
r-devel-linux-x86_64-debian-gcc 1.0 10.20 86.88 97.08 OK
r-devel-linux-x86_64-fedora-clang 1.0 171.09 OK
r-devel-linux-x86_64-fedora-gcc 1.0 169.72 OK
r-devel-windows-x86_64 0.9 25.00 185.00 210.00 OK
r-patched-linux-x86_64 1.0 13.87 110.32 124.19 OK
r-release-linux-x86_64 1.0 13.74 110.10 123.84 OK
r-release-macos-arm64 1.0 77.00 OK
r-release-macos-x86_64 1.0 110.00 OK
r-release-windows-x86_64 1.0 25.00 182.00 207.00 OK
r-oldrel-macos-arm64 1.0 72.00 OK
r-oldrel-macos-x86_64 1.0 104.00 OK
r-oldrel-windows-ix86+x86_64 1.0 28.00 456.00 484.00 ERROR

Check Details

Version: 1.0
Check: PDF version of manual
Result: WARN
    LaTeX errors when creating PDF version.
    This typically indicates Rd problems.
    LaTeX errors found:
    ! Package inputenc Error: Unicode char â<c2><80><c2><90> (U+2010)
    (inputenc) not set up for use with LaTeX.
    
    See the inputenc package documentation for explanation.
    Type H <return> for immediate help.
    ! Package inputenc Error: Unicode char â<c2><80><c2><90> (U+2010)
    (inputenc) not set up for use with LaTeX.
    
    See the inputenc package documentation for explanation.
    Type H <return> for immediate help.
Flavor: r-oldrel-windows-ix86+x86_64

Version: 1.0
Check: PDF version of manual without hyperrefs or index
Result: ERROR
Flavor: r-oldrel-windows-ix86+x86_64