CRAN Package Check Results for Package RtextSummary

Last updated on 2019-09-19 13:46:21 CEST.

Flavor Version Tinstall Tcheck Ttotal Status Flags
r-devel-linux-x86_64-debian-clang 0.1.0 8.30 68.82 77.12 OK
r-devel-linux-x86_64-debian-gcc 0.1.0 7.78 53.72 61.50 OK
r-devel-linux-x86_64-fedora-clang 0.1.0 96.34 NOTE
r-devel-linux-x86_64-fedora-gcc 0.1.0 93.59 NOTE
r-devel-windows-ix86+x86_64 0.1.0 26.00 114.00 140.00 OK
r-patched-linux-x86_64 0.1.0 7.96 66.43 74.39 OK
r-patched-solaris-x86 0.1.0 149.90 NOTE
r-release-linux-x86_64 0.1.0 9.70 66.33 76.03 OK
r-release-windows-ix86+x86_64 0.1.0 20.00 78.00 98.00 OK
r-release-osx-x86_64 0.1.0 NOTE
r-oldrel-windows-ix86+x86_64 0.1.0 10.00 79.00 89.00 OK
r-oldrel-osx-x86_64 0.1.0 NOTE

Check Details

Version: 0.1.0
Check: data for non-ASCII characters
Result: NOTE
     Note: found 17 marked UTF-8 strings
Flavors: r-devel-linux-x86_64-fedora-clang, r-devel-linux-x86_64-fedora-gcc, r-patched-solaris-x86, r-release-osx-x86_64, r-oldrel-osx-x86_64