CRAN Package Check Results for Package Rthingsboard

Last updated on 2024-02-28 02:58:16 CET.

Flavor Version Tinstall Tcheck Ttotal Status Flags
r-devel-linux-x86_64-debian-clang 0.2.7 4.15 41.92 46.07 OK
r-devel-linux-x86_64-debian-gcc 0.2.7 4.21 32.47 36.68 OK
r-devel-linux-x86_64-fedora-clang 0.2.7 64.67 NOTE
r-devel-linux-x86_64-fedora-gcc 0.2.7 55.72 NOTE
r-devel-windows-x86_64 0.2.7 6.00 52.00 58.00 OK
r-patched-linux-x86_64 0.2.7 5.03 41.05 46.08 OK
r-release-linux-x86_64 0.2.7 3.97 41.56 45.53 OK
r-release-macos-arm64 0.2.7 21.00 OK
r-release-macos-x86_64 0.2.7 31.00 OK
r-release-windows-x86_64 0.2.7 8.00 58.00 66.00 OK
r-oldrel-macos-arm64 0.2.7 22.00 NOTE
r-oldrel-windows-x86_64 0.2.7 10.00 62.00 72.00 OK

Check Details

Version: 0.2.7
Check: dependencies in R code
Result: NOTE Namespaces in Imports field not imported from: ‘httr’ ‘logger’ All declared Imports should be used. Flavors: r-devel-linux-x86_64-fedora-clang, r-devel-linux-x86_64-fedora-gcc, r-oldrel-macos-arm64