CRAN Package Check Results for Package Rvoterdistance

Last updated on 2022-05-28 10:50:56 CEST.

Flavor Version Tinstall Tcheck Ttotal Status Flags
r-devel-linux-x86_64-debian-clang 1.1 17.45 39.07 56.52 WARN
r-devel-linux-x86_64-debian-gcc 1.1 16.48 30.61 47.09 OK
r-devel-linux-x86_64-fedora-clang 1.1 79.16 WARN
r-devel-linux-x86_64-fedora-gcc 1.1 72.84 OK
r-devel-windows-x86_64 1.1 39.00 74.00 113.00 OK
r-patched-linux-x86_64 1.1 18.16 37.39 55.55 OK
r-release-linux-x86_64 1.1 15.36 38.38 53.74 OK
r-release-macos-arm64 1.1 22.00 OK
r-release-macos-x86_64 1.1 30.00 OK
r-release-windows-x86_64 1.1 38.00 77.00 115.00 OK
r-oldrel-macos-arm64 1.1 25.00 OK
r-oldrel-macos-x86_64 1.1 41.00 OK
r-oldrel-windows-ix86+x86_64 1.1 50.00 75.00 125.00 OK

Additional issues

clang14

Check Details

Version: 1.1
Check: whether package can be installed
Result: WARN
    Found the following significant warnings:
     haversine_dbox.cpp:45:7: warning: use of bitwise '|' with boolean operands [-Wbitwise-instead-of-logical]
     haversine_dbox.cpp:50:14: warning: use of bitwise '|' with boolean operands [-Wbitwise-instead-of-logical]
     haversine_dbox.cpp:113:7: warning: use of bitwise '|' with boolean operands [-Wbitwise-instead-of-logical]
     haversine_dbox.cpp:118:14: warning: use of bitwise '|' with boolean operands [-Wbitwise-instead-of-logical]
Flavors: r-devel-linux-x86_64-debian-clang, r-devel-linux-x86_64-fedora-clang