CRAN Package Check Results for Package Rwhois

Last updated on 2023-03-20 07:51:08 CET.

Flavor Version Tinstall Tcheck Ttotal Status Flags
r-devel-linux-x86_64-debian-clang 1.0.12 OK
r-devel-linux-x86_64-debian-gcc 1.0.12 2.16 22.54 24.70 OK
r-devel-linux-x86_64-fedora-clang 1.0.12 41.10 OK
r-devel-linux-x86_64-fedora-gcc 1.0.12 41.07 OK
r-devel-windows-x86_64 1.0.12 8.00 58.00 66.00 OK
r-patched-linux-x86_64 1.0.12 2.22 28.95 31.17 OK
r-release-linux-x86_64 1.0.12 2.43 29.49 31.92 ERROR
r-release-macos-arm64 1.0.12 25.00 OK
r-release-macos-x86_64 1.0.12 30.00 OK
r-release-windows-x86_64 1.0.12 10.00 66.00 76.00 OK
r-oldrel-macos-arm64 1.0.12 22.00 OK
r-oldrel-macos-x86_64 1.0.12 28.00 OK
r-oldrel-windows-ix86+x86_64 1.0.12 8.00 57.00 65.00 OK

Check Details

Version: 1.0.12
Check: examples
Result: ERROR
    Running examples in ‘Rwhois-Ex.R’ failed
    The error most likely occurred in:
    
    > base::assign(".ptime", proc.time(), pos = "CheckExEnv")
    > ### Name: Rwhois
    > ### Title: WHOIS server querying
    > ### Aliases: Rwhois Rwhois::whois_query Rwhois::whois_keyextract
    > ### whois_query whois_keyextract
    > ### Keywords: Rwhois whois whois_query whois_keyextract
    >
    > ### ** Examples
    >
    > # Grab WHOIS data for a hostname
    > whois_query("bcable.net")
     key
    1 Domain Name
    2 Registry Domain ID
    3 Registrar WHOIS Server
    4 Registrar URL
    5 Updated Date
    6 Creation Date
    7 Registry Expiry Date
    8 Registrar
    9 Registrar IANA ID
    10 Registrar Abuse Contact Email
    11 Registrar Abuse Contact Phone
    12 Domain Status
    13 Name Server
    14 Name Server
    15 DNSSEC
    16 URL of the ICANN Whois Inaccuracy Complaint Form
     val
    1 BCABLE.NET
    2 264573669_DOMAIN_NET-VRSN
    3 whois.namecheap.com
    4 http://www.namecheap.com
    5 2022-10-23T05:49:18Z
    6 2005-11-22T17:59:39Z
    7 2023-11-22T17:59:39Z
    8 NameCheap, Inc.
    9 1068
    10 abuse@namecheap.com
    11 +1.6613102107
    12 clientTransferProhibited https://icann.org/epp#clientTransferProhibited
    13 DNS1.REGISTRAR-SERVERS.COM
    14 DNS2.REGISTRAR-SERVERS.COM
    15 unsigned
    16 https://www.icann.org/wicf/
    >
    > # Grab WHOIS data for an IP
    > whois_query("1.1.1.1")
    socket error: Connection timed out
    [1] "Error in make.socket(server, 43): socket not established\n on connection, retrying..."
    socket error: Connection timed out
    [1] "Error in make.socket(server, 43): socket not established\n on connection, retrying..."
    socket error: Connection timed out
    [1] "Error in make.socket(server, 43): socket not established\n on connection, retrying..."
    socket error: Connection timed out
    [1] "Error in make.socket(server, 43): socket not established\n on connection, retrying..."
    socket error: Connection timed out
    [1] "Error in make.socket(server, 43): socket not established\n on connection, retrying..."
    [1] "Error in write.socket(conn, hostname): object 'conn' not found\n on header write, retrying..."
    [1] "Error in write.socket(conn, hostname): object 'conn' not found\n on header write, retrying..."
    [1] "Error in write.socket(conn, hostname): object 'conn' not found\n on header write, retrying..."
    [1] "Error in write.socket(conn, hostname): object 'conn' not found\n on header write, retrying..."
    [1] "Error in write.socket(conn, hostname): object 'conn' not found\n on header write, retrying..."
    [1] "Error in write.socket(conn, \"\\r\\n\"): object 'conn' not found\n on header finalize, retrying..."
    [1] "Error in write.socket(conn, \"\\r\\n\"): object 'conn' not found\n on header finalize, retrying..."
    [1] "Error in write.socket(conn, \"\\r\\n\"): object 'conn' not found\n on header finalize, retrying..."
    [1] "Error in write.socket(conn, \"\\r\\n\"): object 'conn' not found\n on header finalize, retrying..."
    [1] "Error in write.socket(conn, \"\\r\\n\"): object 'conn' not found\n on header finalize, retrying..."
    Error in strsplit(data, "\n") : non-character argument
    Calls: whois_query ... sub -> is.factor -> mysub -> sub -> is.factor -> strsplit
    Execution halted
Flavor: r-release-linux-x86_64